CRAN Package Check Results for Package DMTL

Last updated on 2023-01-31 07:54:08 CET.

Flavor Version Tinstall Tcheck Ttotal Status Flags
r-devel-linux-x86_64-debian-clang 0.1.2 2.58 45.72 48.30 NOTE
r-devel-linux-x86_64-debian-gcc 0.1.2 2.16 34.90 37.06 NOTE
r-devel-linux-x86_64-fedora-clang 0.1.2 61.47 NOTE
r-devel-linux-x86_64-fedora-gcc 0.1.2 60.22 NOTE
r-devel-windows-x86_64 0.1.2 7.00 79.00 86.00 NOTE
r-patched-linux-x86_64 0.1.2 2.48 44.19 46.67 NOTE
r-release-linux-x86_64 0.1.2 1.98 45.12 47.10 NOTE
r-release-macos-arm64 0.1.2 26.00 NOTE
r-release-macos-x86_64 0.1.2 43.00 NOTE
r-release-windows-x86_64 0.1.2 14.00 79.00 93.00 NOTE
r-oldrel-macos-arm64 0.1.2 28.00 NOTE
r-oldrel-macos-x86_64 0.1.2 42.00 NOTE
r-oldrel-windows-ix86+x86_64 0.1.2 8.00 79.00 87.00 NOTE

Check Details

Version: 0.1.2
Check: package subdirectories
Result: NOTE
    Problems with news in ‘NEWS.md’:
    No news entries found.
Flavors: r-devel-linux-x86_64-debian-clang, r-devel-linux-x86_64-debian-gcc, r-devel-linux-x86_64-fedora-clang, r-devel-linux-x86_64-fedora-gcc, r-devel-windows-x86_64

Version: 0.1.2
Check: LazyData
Result: NOTE
     'LazyData' is specified without a 'data' directory
Flavors: r-devel-linux-x86_64-debian-clang, r-devel-linux-x86_64-debian-gcc, r-devel-linux-x86_64-fedora-clang, r-devel-linux-x86_64-fedora-gcc, r-devel-windows-x86_64, r-patched-linux-x86_64, r-release-linux-x86_64, r-release-macos-arm64, r-release-macos-x86_64, r-release-windows-x86_64, r-oldrel-macos-arm64, r-oldrel-macos-x86_64, r-oldrel-windows-ix86+x86_64