Last updated on 2023-02-04 08:01:10 CET.
Flavor | Version | Tinstall | Tcheck | Ttotal | Status | Flags |
---|---|---|---|---|---|---|
r-devel-linux-x86_64-debian-clang | 0.1.0 | 10.67 | 97.35 | 108.02 | NOTE | |
r-devel-linux-x86_64-debian-gcc | 0.1.0 | 9.63 | 75.21 | 84.84 | NOTE | |
r-devel-linux-x86_64-fedora-clang | 0.1.0 | 143.15 | NOTE | |||
r-devel-linux-x86_64-fedora-gcc | 0.1.0 | 135.56 | NOTE | |||
r-devel-windows-x86_64 | 0.1.0 | 16.00 | 120.00 | 136.00 | NOTE | |
r-patched-linux-x86_64 | 0.1.0 | 12.75 | 96.09 | 108.84 | NOTE | |
r-release-linux-x86_64 | 0.1.0 | 13.07 | 96.50 | 109.57 | NOTE | |
r-release-macos-arm64 | 0.1.0 | 40.00 | NOTE | |||
r-release-macos-x86_64 | 0.1.0 | 74.00 | NOTE | |||
r-release-windows-x86_64 | 0.1.0 | 16.00 | 131.00 | 147.00 | NOTE | |
r-oldrel-macos-arm64 | 0.1.0 | 45.00 | NOTE | |||
r-oldrel-macos-x86_64 | 0.1.0 | 76.00 | NOTE | |||
r-oldrel-windows-ix86+x86_64 | 0.1.0 | 28.00 | 132.00 | 160.00 | NOTE |
Version: 0.1.0
Check: LazyData
Result: NOTE
'LazyData' is specified without a 'data' directory
Flavors: r-devel-linux-x86_64-debian-clang, r-devel-linux-x86_64-debian-gcc, r-devel-linux-x86_64-fedora-clang, r-devel-linux-x86_64-fedora-gcc, r-devel-windows-x86_64, r-patched-linux-x86_64, r-release-linux-x86_64, r-release-macos-arm64, r-release-macos-x86_64, r-release-windows-x86_64, r-oldrel-macos-arm64, r-oldrel-macos-x86_64, r-oldrel-windows-ix86+x86_64