Last updated on 2023-02-05 07:57:18 CET.
Flavor | Version | Tinstall | Tcheck | Ttotal | Status | Flags |
---|---|---|---|---|---|---|
r-devel-linux-x86_64-debian-clang | 0.9.1 | 9.51 | 94.15 | 103.66 | OK | |
r-devel-linux-x86_64-debian-gcc | 0.9.1 | 7.77 | 69.66 | 77.43 | OK | |
r-devel-linux-x86_64-fedora-clang | 0.9.1 | 137.14 | NOTE | |||
r-devel-linux-x86_64-fedora-gcc | 0.9.1 | 144.14 | NOTE | |||
r-devel-windows-x86_64 | 0.9.1 | 21.00 | 123.00 | 144.00 | OK | |
r-patched-linux-x86_64 | 0.9.1 | 6.86 | 90.79 | 97.65 | OK | |
r-release-linux-x86_64 | 0.9.1 | 6.57 | 92.46 | 99.03 | OK | |
r-release-macos-arm64 | 0.9.1 | 38.00 | NOTE | |||
r-release-macos-x86_64 | 0.9.1 | 63.00 | NOTE | |||
r-release-windows-x86_64 | 0.9.1 | 19.00 | 128.00 | 147.00 | OK | |
r-oldrel-macos-arm64 | 0.9.1 | 35.00 | NOTE | |||
r-oldrel-macos-x86_64 | 0.9.1 | 51.00 | NOTE | |||
r-oldrel-windows-ix86+x86_64 | 0.9.1 | 19.00 | 131.00 | 150.00 | OK |
Version: 0.9.1
Check: dependencies in R code
Result: NOTE
Namespace in Imports field not imported from: ‘rlang’
All declared Imports should be used.
Flavors: r-devel-linux-x86_64-fedora-clang, r-devel-linux-x86_64-fedora-gcc, r-release-macos-arm64, r-release-macos-x86_64, r-oldrel-macos-arm64, r-oldrel-macos-x86_64