CRAN Package Check Results for Package DHARMa

Last updated on 2022-12-04 07:55:07 CET.

Flavor Version Tinstall Tcheck Ttotal Status Flags
r-devel-linux-x86_64-debian-clang 0.4.6 10.31 301.58 311.89 NOTE
r-devel-linux-x86_64-debian-gcc 0.4.6 10.22 222.09 232.31 NOTE
r-devel-linux-x86_64-fedora-clang 0.4.6 402.25 NOTE
r-devel-linux-x86_64-fedora-gcc 0.4.6 436.53 NOTE
r-devel-windows-x86_64 0.4.6 44.00 346.00 390.00 NOTE
r-patched-linux-x86_64 0.4.6 13.17 296.92 310.09 NOTE
r-release-linux-x86_64 0.4.6 13.87 286.90 300.77 NOTE
r-release-macos-arm64 0.4.6 110.00 NOTE
r-release-macos-x86_64 0.4.6 151.00 NOTE
r-release-windows-x86_64 0.4.6 45.00 371.00 416.00 NOTE
r-oldrel-macos-arm64 0.4.6 108.00 NOTE
r-oldrel-macos-x86_64 0.4.6 151.00 NOTE
r-oldrel-windows-ix86+x86_64 0.4.6 27.00 334.00 361.00 NOTE

Check Details

Version: 0.4.6
Check: package dependencies
Result: NOTE
    Package which this enhances but not available for checking: 'BayesianTools'
Flavors: r-devel-linux-x86_64-debian-clang, r-devel-linux-x86_64-debian-gcc, r-devel-linux-x86_64-fedora-clang, r-devel-linux-x86_64-fedora-gcc, r-patched-linux-x86_64, r-release-linux-x86_64

Version: 0.4.6
Check: installed package size
Result: NOTE
     installed size is 5.5Mb
     sub-directories of 1Mb or more:
     doc 5.1Mb
Flavors: r-devel-linux-x86_64-fedora-clang, r-devel-windows-x86_64, r-release-macos-arm64, r-release-macos-x86_64, r-release-windows-x86_64, r-oldrel-macos-arm64, r-oldrel-macos-x86_64, r-oldrel-windows-ix86+x86_64