Last updated on 2023-02-08 06:56:21 CET.
Flavor | Version | Tinstall | Tcheck | Ttotal | Status | Flags |
---|---|---|---|---|---|---|
r-devel-linux-x86_64-debian-clang | 1.0.2 | 28.84 | 307.63 | 336.47 | OK | |
r-devel-linux-x86_64-debian-gcc | 1.0.2 | 26.33 | 227.08 | 253.41 | OK | |
r-devel-linux-x86_64-fedora-clang | 1.0.2 | 445.57 | OK | |||
r-devel-linux-x86_64-fedora-gcc | 1.0.2 | 479.49 | OK | |||
r-devel-windows-x86_64 | 1.0.2 | 42.00 | 339.00 | 381.00 | NOTE | |
r-patched-linux-x86_64 | 1.0.2 | 28.41 | 286.37 | 314.78 | OK | |
r-release-linux-x86_64 | 1.0.2 | 29.49 | 298.29 | 327.78 | OK | |
r-release-macos-arm64 | 1.0.2 | 109.00 | OK | |||
r-release-macos-x86_64 | 1.0.2 | 173.00 | OK | |||
r-release-windows-x86_64 | 1.0.2 | 58.00 | 324.00 | 382.00 | NOTE | |
r-oldrel-macos-arm64 | 1.0.2 | 163.00 | OK | |||
r-oldrel-macos-x86_64 | 1.0.2 | 140.00 | OK | |||
r-oldrel-windows-ix86+x86_64 | 1.0.2 | 70.00 | 311.00 | 381.00 | NOTE |
Version: 1.0.2
Check: package dependencies
Result: NOTE
Package suggested but not available for checking: 'doMC'
Flavors: r-devel-windows-x86_64, r-release-windows-x86_64, r-oldrel-windows-ix86+x86_64