Last updated on 2023-01-30 09:54:08 CET.
Flavor | Version | Tinstall | Tcheck | Ttotal | Status | Flags |
---|---|---|---|---|---|---|
r-devel-linux-x86_64-debian-clang | 5.0 | 98.98 | 130.29 | 229.27 | OK | |
r-devel-linux-x86_64-debian-gcc | 5.0 | 90.97 | 98.58 | 189.55 | OK | |
r-devel-linux-x86_64-fedora-clang | 5.0 | 324.40 | NOTE | |||
r-devel-linux-x86_64-fedora-gcc | 5.0 | 330.01 | NOTE | |||
r-devel-windows-x86_64 | 5.0 | 97.00 | 199.00 | 296.00 | OK | |
r-patched-linux-x86_64 | 5.0 | 96.47 | 127.88 | 224.35 | OK | |
r-release-linux-x86_64 | 5.0 | 94.30 | 130.60 | 224.90 | OK | |
r-release-macos-arm64 | 5.0 | 74.00 | NOTE | |||
r-release-macos-x86_64 | 5.0 | 126.00 | NOTE | |||
r-release-windows-x86_64 | 5.0 | 91.00 | 192.00 | 283.00 | OK | |
r-oldrel-macos-arm64 | 5.0 | 106.00 | NOTE | |||
r-oldrel-macos-x86_64 | 5.0 | 123.00 | NOTE | |||
r-oldrel-windows-ix86+x86_64 | 5.0 | 237.00 | 254.00 | 491.00 | OK |
Version: 5.0
Check: dependencies in R code
Result: NOTE
Namespace in Imports field not imported from: ‘Rcpp’
All declared Imports should be used.
Flavors: r-devel-linux-x86_64-fedora-clang, r-devel-linux-x86_64-fedora-gcc, r-release-macos-arm64, r-release-macos-x86_64, r-oldrel-macos-arm64, r-oldrel-macos-x86_64
Version: 5.0
Check: installed package size
Result: NOTE
installed size is 8.7Mb
sub-directories of 1Mb or more:
libs 8.2Mb
Flavors: r-release-macos-arm64, r-release-macos-x86_64, r-oldrel-macos-arm64, r-oldrel-macos-x86_64