Last updated on 2023-11-28 07:52:59 CET.
Flavor | Version | Tinstall | Tcheck | Ttotal | Status | Flags |
---|---|---|---|---|---|---|
r-devel-linux-x86_64-debian-clang | 5.2.2 | 130.65 | 134.16 | 264.81 | OK | |
r-devel-linux-x86_64-debian-gcc | 5.2.2 | 85.46 | 102.90 | 188.36 | OK | |
r-devel-linux-x86_64-fedora-clang | 5.2.2 | 357.12 | OK | |||
r-devel-linux-x86_64-fedora-gcc | 5.2.2 | 339.53 | OK | |||
r-devel-windows-x86_64 | 5.2.2 | 84.00 | 151.00 | 235.00 | OK | |
r-patched-linux-x86_64 | 5.2.2 | 105.88 | 135.39 | 241.27 | OK | |
r-release-linux-x86_64 | 5.2.2 | 99.25 | 131.77 | 231.02 | OK | |
r-release-macos-arm64 | 5.2.2 | 80.00 | NOTE | |||
r-release-macos-x86_64 | 5.2.2 | 203.00 | NOTE | |||
r-release-windows-x86_64 | 5.2.2 | 115.00 | 176.00 | 291.00 | OK | |
r-oldrel-macos-arm64 | 5.2.2 | 78.00 | NOTE | |||
r-oldrel-macos-x86_64 | 5.2.2 | 138.00 | NOTE | |||
r-oldrel-windows-x86_64 | 5.2.2 | 107.00 | 174.00 | 281.00 | OK |
Version: 5.2.2
Check: installed package size
Result: NOTE
installed size is 7.8Mb
sub-directories of 1Mb or more:
libs 7.3Mb
Flavors: r-release-macos-arm64, r-release-macos-x86_64, r-oldrel-macos-arm64, r-oldrel-macos-x86_64