Last updated on 2023-01-30 09:54:08 CET.
Flavor | Version | Tinstall | Tcheck | Ttotal | Status | Flags |
---|---|---|---|---|---|---|
r-devel-linux-x86_64-debian-clang | 0.1-6 | 4.86 | 38.71 | 43.57 | NOTE | |
r-devel-linux-x86_64-debian-gcc | 0.1-6 | 4.12 | 30.09 | 34.21 | NOTE | |
r-devel-linux-x86_64-fedora-clang | 0.1-6 | 57.01 | NOTE | |||
r-devel-linux-x86_64-fedora-gcc | 0.1-6 | 52.22 | NOTE | |||
r-devel-windows-x86_64 | 0.1-6 | 18.00 | 79.00 | 97.00 | NOTE | |
r-patched-linux-x86_64 | 0.1-6 | 4.82 | 37.17 | 41.99 | NOTE | |
r-release-linux-x86_64 | 0.1-6 | 5.40 | 37.61 | 43.01 | NOTE | |
r-release-macos-arm64 | 0.1-6 | 20.00 | NOTE | |||
r-release-macos-x86_64 | 0.1-6 | 26.00 | NOTE | |||
r-release-windows-x86_64 | 0.1-6 | 13.00 | 76.00 | 89.00 | NOTE | |
r-oldrel-macos-arm64 | 0.1-6 | 23.00 | NOTE | |||
r-oldrel-macos-x86_64 | 0.1-6 | 42.00 | NOTE | |||
r-oldrel-windows-ix86+x86_64 | 0.1-6 | 10.00 | 59.00 | 69.00 | NOTE |
Version: 0.1-6
Check: LazyData
Result: NOTE
'LazyData' is specified without a 'data' directory
Flavors: r-devel-linux-x86_64-debian-clang, r-devel-linux-x86_64-debian-gcc, r-devel-linux-x86_64-fedora-clang, r-devel-linux-x86_64-fedora-gcc, r-devel-windows-x86_64, r-patched-linux-x86_64, r-release-linux-x86_64, r-release-macos-arm64, r-release-macos-x86_64, r-release-windows-x86_64, r-oldrel-macos-arm64, r-oldrel-macos-x86_64, r-oldrel-windows-ix86+x86_64