CRAN Package Check Results for Package DCEtool

Last updated on 2024-02-23 07:52:06 CET.

Flavor Version Tinstall Tcheck Ttotal Status Flags
r-devel-linux-x86_64-debian-clang 1.1.0 OK
r-devel-linux-x86_64-debian-gcc 1.1.0 11.95 82.89 94.84 OK
r-devel-linux-x86_64-fedora-clang 1.1.0 173.08 NOTE
r-devel-linux-x86_64-fedora-gcc 1.1.0 155.59 NOTE
r-devel-windows-x86_64 1.1.0 12.00 95.00 107.00 OK
r-patched-linux-x86_64 1.1.0 12.27 108.10 120.37 OK
r-release-linux-x86_64 1.1.0 12.04 107.16 119.20 OK
r-release-macos-arm64 1.1.0 54.00 OK
r-release-macos-x86_64 1.1.0 157.00 OK
r-release-windows-x86_64 1.1.0 16.00 113.00 129.00 OK
r-oldrel-macos-arm64 1.1.0 49.00 OK
r-oldrel-windows-x86_64 1.1.0 17.00 117.00 134.00 OK

Check Details

Version: 1.1.0
Check: dependencies in R code
Result: NOTE Namespace in Imports field not imported from: ‘knitr’ All declared Imports should be used. Flavors: r-devel-linux-x86_64-fedora-clang, r-devel-linux-x86_64-fedora-gcc