Last updated on 2023-11-28 07:52:59 CET.
Flavor | Version | Tinstall | Tcheck | Ttotal | Status | Flags |
---|---|---|---|---|---|---|
r-devel-linux-x86_64-debian-clang | 1.25.4 | 12.19 | 114.11 | 126.30 | NOTE | |
r-devel-linux-x86_64-debian-gcc | 1.25.4 | 6.43 | 85.66 | 92.09 | NOTE | |
r-devel-linux-x86_64-fedora-clang | 1.25.4 | 154.84 | OK | |||
r-devel-linux-x86_64-fedora-gcc | 1.25.4 | 169.59 | OK | |||
r-devel-windows-x86_64 | 1.25.4 | 11.00 | 156.00 | 167.00 | OK | |
r-patched-linux-x86_64 | 1.25.4 | 17.58 | 110.14 | 127.72 | OK | |
r-release-linux-x86_64 | 1.25.4 | 9.69 | 110.92 | 120.61 | OK | |
r-release-macos-arm64 | 1.25.4 | 53.00 | OK | |||
r-release-macos-x86_64 | 1.25.4 | 86.00 | NOTE | |||
r-release-windows-x86_64 | 1.25.4 | 14.00 | 181.00 | 195.00 | OK | |
r-oldrel-macos-arm64 | 1.25.4 | 39.00 | OK | |||
r-oldrel-macos-x86_64 | 1.25.4 | 61.00 | OK | |||
r-oldrel-windows-x86_64 | 1.25.4 | 14.00 | 183.00 | 197.00 | OK |
Version: 1.25.4
Check: Rd files
Result: NOTE
checkRd: (-1) bestsetNoise.Rd:128-129: Lost braces
128 | \code{tcrit}{For each model, the minimum of the absolute values of
| ^
checkRd: (-1) bestsetNoise.Rd:130: Lost braces
130 | \code{regsubsets_obj}{The object returned by the call to \code{regsubsets}.}
| ^
checkRd: (-1) plotSimScat.Rd:30: Lost braces; missing escapes or markup?
30 | Specify \code{points} or {residuals}.
| ^
checkRd: (-1) print.sumry.glm.Rd:34: Lost braces; missing escapes or markup?
34 | \item{show.iter}{\code{NULL} or {integer}. If \code{NULL}, or if
| ^
Flavors: r-devel-linux-x86_64-debian-clang, r-devel-linux-x86_64-debian-gcc
Version: 1.25.4
Check: package dependencies
Result: NOTE
Package suggested but not available for checking: ‘lme4’
Flavor: r-release-macos-x86_64