CRAN Package Check Results for Package D3partitionR

Last updated on 2023-01-27 07:50:30 CET.

Flavor Version Tinstall Tcheck Ttotal Status Flags
r-devel-linux-x86_64-debian-clang 0.5.0 4.35 35.35 39.70 NOTE
r-devel-linux-x86_64-debian-gcc 0.5.0 3.71 26.67 30.38 NOTE
r-devel-linux-x86_64-fedora-clang 0.5.0 52.17 NOTE
r-devel-linux-x86_64-fedora-gcc 0.5.0 47.41 NOTE
r-devel-windows-x86_64 0.5.0 36.00 66.00 102.00 NOTE
r-patched-linux-x86_64 0.5.0 3.77 34.10 37.87 NOTE
r-release-linux-x86_64 0.5.0 4.60 33.92 38.52 NOTE
r-release-macos-arm64 0.5.0 17.00 NOTE
r-release-macos-x86_64 0.5.0 27.00 NOTE
r-release-windows-x86_64 0.5.0 49.00 60.00 109.00 NOTE
r-oldrel-macos-arm64 0.5.0 22.00 NOTE
r-oldrel-macos-x86_64 0.5.0 31.00 NOTE
r-oldrel-windows-ix86+x86_64 0.5.0 10.00 58.00 68.00 NOTE

Check Details

Version: 0.5.0
Check: LazyData
Result: NOTE
     'LazyData' is specified without a 'data' directory
Flavors: r-devel-linux-x86_64-debian-clang, r-devel-linux-x86_64-debian-gcc, r-devel-linux-x86_64-fedora-clang, r-devel-linux-x86_64-fedora-gcc, r-devel-windows-x86_64, r-patched-linux-x86_64, r-release-linux-x86_64, r-release-macos-arm64, r-release-macos-x86_64, r-release-windows-x86_64, r-oldrel-macos-arm64, r-oldrel-macos-x86_64, r-oldrel-windows-ix86+x86_64

Version: 0.5.0
Check: installed package size
Result: NOTE
     installed size is 5.0Mb
     sub-directories of 1Mb or more:
     img 4.4Mb
Flavor: r-devel-linux-x86_64-fedora-clang

Version: 0.5.0
Check: dependencies in R code
Result: NOTE
    Namespace in Imports field not imported from: ‘titanic’
     All declared Imports should be used.
Flavors: r-devel-linux-x86_64-fedora-clang, r-devel-linux-x86_64-fedora-gcc, r-release-macos-arm64, r-release-macos-x86_64, r-oldrel-macos-arm64, r-oldrel-macos-x86_64