Last updated on 2023-01-27 07:50:30 CET.
Flavor | Version | Tinstall | Tcheck | Ttotal | Status | Flags |
---|---|---|---|---|---|---|
r-devel-linux-x86_64-debian-clang | 0.1.6 | 13.63 | 123.02 | 136.65 | NOTE | |
r-devel-linux-x86_64-debian-gcc | 0.1.6 | 7.97 | 91.45 | 99.42 | NOTE | |
r-devel-linux-x86_64-fedora-clang | 0.1.6 | 179.00 | NOTE | |||
r-devel-linux-x86_64-fedora-gcc | 0.1.6 | 168.87 | NOTE | |||
r-devel-windows-x86_64 | 0.1.6 | 17.00 | 136.00 | 153.00 | NOTE | |
r-patched-linux-x86_64 | 0.1.6 | 10.03 | 118.13 | 128.16 | NOTE | |
r-release-linux-x86_64 | 0.1.6 | 9.92 | 116.50 | 126.42 | NOTE | |
r-release-macos-arm64 | 0.1.6 | 61.00 | NOTE | |||
r-release-macos-x86_64 | 0.1.6 | 91.00 | NOTE | |||
r-release-windows-x86_64 | 0.1.6 | 16.00 | 145.00 | 161.00 | NOTE | |
r-oldrel-macos-arm64 | 0.1.6 | 62.00 | NOTE | |||
r-oldrel-macos-x86_64 | 0.1.6 | 89.00 | NOTE | |||
r-oldrel-windows-ix86+x86_64 | 0.1.6 | 34.00 | 134.00 | 168.00 | NOTE |
Version: 0.1.6
Check: LazyData
Result: NOTE
'LazyData' is specified without a 'data' directory
Flavors: r-devel-linux-x86_64-debian-clang, r-devel-linux-x86_64-debian-gcc, r-devel-linux-x86_64-fedora-clang, r-devel-linux-x86_64-fedora-gcc, r-devel-windows-x86_64, r-patched-linux-x86_64, r-release-linux-x86_64, r-release-macos-arm64, r-release-macos-x86_64, r-release-windows-x86_64, r-oldrel-macos-arm64, r-oldrel-macos-x86_64, r-oldrel-windows-ix86+x86_64