CRAN Package Check Results for Package CryptRndTest

Last updated on 2023-03-31 07:53:22 CEST.

Flavor Version Tinstall Tcheck Ttotal Status Flags
r-devel-linux-x86_64-debian-clang 1.2.7 11.81 105.12 116.93 OK
r-devel-linux-x86_64-debian-gcc 1.2.7 9.77 79.37 89.14 OK
r-devel-linux-x86_64-fedora-clang 1.2.7 146.42 NOTE
r-devel-linux-x86_64-fedora-gcc 1.2.7 149.66 OK
r-devel-windows-x86_64 1.2.7 27.00 0.00 27.00 OK
r-patched-linux-x86_64 1.2.7 10.91 99.15 110.06 OK
r-release-linux-x86_64 1.2.7 8.28 103.10 111.38 OK
r-release-macos-arm64 1.2.7 44.00 OK
r-release-macos-x86_64 1.2.7 70.00 OK
r-release-windows-x86_64 1.2.7 19.00 199.00 218.00 OK
r-oldrel-macos-arm64 1.2.7 43.00 OK
r-oldrel-macos-x86_64 1.2.7 60.00 OK
r-oldrel-windows-ix86+x86_64 1.2.7 25.00 148.00 173.00 NOTE

Check Details

Version: 1.2.7
Check: Rd cross-references
Result: NOTE
    Undeclared package ‘copula’ in Rd xrefs
Flavor: r-devel-linux-x86_64-fedora-clang

Version: 1.2.7
Check: R code for possible problems
Result: NOTE
    Initiating curl with CURL_SSL_BACKEND: openssl
Flavor: r-oldrel-windows-ix86+x86_64