Last updated on 2023-02-06 06:51:51 CET.
Flavor | Version | Tinstall | Tcheck | Ttotal | Status | Flags |
---|---|---|---|---|---|---|
r-devel-linux-x86_64-debian-clang | 0.0.1 | 8.44 | 90.91 | 99.35 | NOTE | |
r-devel-linux-x86_64-debian-gcc | 0.0.1 | 6.70 | 66.34 | 73.04 | NOTE | |
r-devel-linux-x86_64-fedora-clang | 0.0.1 | 133.98 | NOTE | |||
r-devel-linux-x86_64-fedora-gcc | 0.0.1 | 134.86 | NOTE | |||
r-devel-windows-x86_64 | 0.0.1 | 34.00 | 128.00 | 162.00 | NOTE | |
r-patched-linux-x86_64 | 0.0.1 | 7.12 | 87.25 | 94.37 | NOTE | |
r-release-linux-x86_64 | 0.0.1 | 9.05 | 88.79 | 97.84 | NOTE | |
r-release-macos-arm64 | 0.0.1 | 44.00 | NOTE | |||
r-release-macos-x86_64 | 0.0.1 | 74.00 | NOTE | |||
r-release-windows-x86_64 | 0.0.1 | 20.00 | 140.00 | 160.00 | NOTE | |
r-oldrel-macos-arm64 | 0.0.1 | 75.00 | NOTE | |||
r-oldrel-macos-x86_64 | 0.0.1 | 76.00 | NOTE | |||
r-oldrel-windows-ix86+x86_64 | 0.0.1 | 21.00 | 123.00 | 144.00 | NOTE |
Version: 0.0.1
Check: LazyData
Result: NOTE
'LazyData' is specified without a 'data' directory
Flavors: r-devel-linux-x86_64-debian-clang, r-devel-linux-x86_64-debian-gcc, r-devel-linux-x86_64-fedora-clang, r-devel-linux-x86_64-fedora-gcc, r-devel-windows-x86_64, r-patched-linux-x86_64, r-release-linux-x86_64, r-release-macos-arm64, r-release-macos-x86_64, r-release-windows-x86_64, r-oldrel-macos-arm64, r-oldrel-macos-x86_64, r-oldrel-windows-ix86+x86_64