Last updated on 2023-01-27 07:50:30 CET.
Flavor | Version | Tinstall | Tcheck | Ttotal | Status | Flags |
---|---|---|---|---|---|---|
r-devel-linux-x86_64-debian-clang | 2.60 | 6.25 | 85.03 | 91.28 | OK | |
r-devel-linux-x86_64-debian-gcc | 2.60 | 5.27 | 69.36 | 74.63 | OK | |
r-devel-linux-x86_64-fedora-clang | 2.60 | 118.10 | OK | |||
r-devel-linux-x86_64-fedora-gcc | 2.60 | 122.96 | OK | |||
r-devel-windows-x86_64 | 2.60 | 24.00 | 126.00 | 150.00 | OK | |
r-patched-linux-x86_64 | 2.60 | 4.81 | 81.14 | 85.95 | OK | |
r-release-linux-x86_64 | 2.60 | 5.79 | 83.13 | 88.92 | OK | |
r-release-macos-arm64 | 2.60 | 44.00 | NOTE | |||
r-release-macos-x86_64 | 2.60 | 56.00 | OK | |||
r-release-windows-x86_64 | 2.60 | 27.00 | 125.00 | 152.00 | OK | |
r-oldrel-macos-arm64 | 2.60 | 55.00 | NOTE | |||
r-oldrel-macos-x86_64 | 2.60 | 86.00 | OK | |||
r-oldrel-windows-ix86+x86_64 | 2.60 | 12.00 | 114.00 | 126.00 | OK |
Version: 2.60
Check: package dependencies
Result: NOTE
Package suggested but not available for checking: ‘qvalue’
Flavors: r-release-macos-arm64, r-oldrel-macos-arm64