CRAN Package Check Results for Package Countr

Last updated on 2022-12-05 06:51:37 CET.

Flavor Version Tinstall Tcheck Ttotal Status Flags
r-devel-linux-x86_64-debian-clang 3.5.6 157.56 189.47 347.03 OK
r-devel-linux-x86_64-debian-gcc 3.5.6 125.51 139.98 265.49 OK
r-devel-linux-x86_64-fedora-clang 3.5.6 513.57 OK
r-devel-linux-x86_64-fedora-gcc 3.5.6 447.80 OK
r-devel-windows-x86_64 3.5.6 170.00 284.00 454.00 OK
r-patched-linux-x86_64 3.5.6 128.88 172.37 301.25 OK
r-release-linux-x86_64 3.5.6 138.87 171.70 310.57 OK
r-release-macos-arm64 3.5.6 129.00 NOTE
r-release-macos-x86_64 3.5.6 149.00 NOTE
r-release-windows-x86_64 3.5.6 176.00 273.00 449.00 OK
r-oldrel-macos-arm64 3.5.6 129.00 NOTE
r-oldrel-macos-x86_64 3.5.6 149.00 NOTE
r-oldrel-windows-ix86+x86_64 3.5.6 377.00 273.00 650.00 NOTE

Check Details

Version: 3.5.6
Check: installed package size
Result: NOTE
     installed size is 8.5Mb
     sub-directories of 1Mb or more:
     doc 1.9Mb
     libs 5.7Mb
Flavors: r-release-macos-arm64, r-release-macos-x86_64, r-oldrel-macos-arm64, r-oldrel-macos-x86_64, r-oldrel-windows-ix86+x86_64