CRAN Package Check Results for Package CorrBin

Last updated on 2023-11-30 07:52:31 CET.

Flavor Version Tinstall Tcheck Ttotal Status Flags
r-devel-linux-x86_64-debian-clang 1.6.1 8.98 117.08 126.06 NOTE
r-devel-linux-x86_64-debian-gcc 1.6.1 7.47 92.94 100.41 NOTE
r-devel-linux-x86_64-fedora-clang 1.6.1 155.25 OK
r-devel-linux-x86_64-fedora-gcc 1.6.1 171.71 OK
r-devel-windows-x86_64 1.6.1 9.00 157.00 166.00 OK
r-patched-linux-x86_64 1.6.1 6.61 121.09 127.70 OK
r-release-linux-x86_64 1.6.1 5.19 131.69 136.88 OK
r-release-macos-arm64 1.6.1 66.00 OK
r-release-macos-x86_64 1.6.1 145.00 OK
r-release-windows-x86_64 1.6.1 12.00 176.00 188.00 OK
r-oldrel-macos-arm64 1.6.1 62.00 OK
r-oldrel-macos-x86_64 1.6.1 105.00 OK
r-oldrel-windows-x86_64 1.6.1 13.00 177.00 190.00 OK

Check Details

Version: 1.6.1
Check: Rd files
Result: NOTE checkRd: (-1) jointprobs.Rd:14: Lost braces in \itemize; meant \describe ? checkRd: (-1) jointprobs.Rd:15: Lost braces in \itemize; meant \describe ? checkRd: (-1) jointprobs.Rd:16: Lost braces in \itemize; meant \describe ? checkRd: (-1) jointprobs.Rd:21: Lost braces; missing escapes or markup? 21 | \eqn{K+1} categories the arrays will have either \eqn{K+1} or {K} dimensions, depending on whether | ^ checkRd: (-1) multinom.gen.Rd:46: Lost braces 46 | For a \emph{K}-variate multinomial, the matrix{m} should have \emph{K-1} columns | ^ Flavors: r-devel-linux-x86_64-debian-clang, r-devel-linux-x86_64-debian-gcc