CRAN Package Check Results for Package CorMID

Last updated on 2024-06-21 06:58:11 CEST.

Flavor Version Tinstall Tcheck Ttotal Status Flags
r-devel-linux-x86_64-debian-clang 0.1.9 3.87 91.47 95.34 NOTE
r-devel-linux-x86_64-debian-gcc 0.1.9 2.44 64.44 66.88 NOTE
r-devel-linux-x86_64-fedora-clang 0.1.9 115.76 NOTE
r-devel-linux-x86_64-fedora-gcc 0.1.9 126.56 NOTE
r-devel-windows-x86_64 0.1.9 3.00 61.00 64.00 ERROR
r-patched-linux-x86_64 0.1.9 3.25 88.78 92.03 NOTE
r-release-linux-x86_64 0.1.9 3.27 86.30 89.57 NOTE
r-release-macos-arm64 0.1.9 37.00 NOTE
r-release-macos-x86_64 0.1.9 75.00 NOTE
r-release-windows-x86_64 0.1.9 4.00 84.00 88.00 NOTE
r-oldrel-macos-arm64 0.1.9 41.00 OK
r-oldrel-macos-x86_64 0.1.9 84.00 OK
r-oldrel-windows-x86_64 0.1.9 4.00 93.00 97.00 OK

Check Details

Version: 0.1.9
Check: Rd files
Result: NOTE checkRd: (-1) CorMID.Rd:54: Lost braces; missing escapes or markup? 54 | individual compound containing 2 carbons and observe a vector of {978,22,0}. | ^ checkRd: (-1) CorMID.Rd:58: Lost braces; missing escapes or markup? 58 | The equivalent corMID vector would be {1,0,0}, indicating that the non-labeled | ^ Flavors: r-devel-linux-x86_64-debian-clang, r-devel-linux-x86_64-debian-gcc, r-devel-linux-x86_64-fedora-clang, r-devel-linux-x86_64-fedora-gcc, r-devel-windows-x86_64, r-patched-linux-x86_64, r-release-linux-x86_64, r-release-macos-arm64, r-release-macos-x86_64, r-release-windows-x86_64

Version: 0.1.9
Check: re-building of vignette outputs
Result: ERROR Error(s) in re-building vignettes: --- re-building 'CorMID.Rmd' using rmarkdown Flavor: r-devel-windows-x86_64