Last updated on 2023-02-08 06:56:20 CET.
Flavor | Version | Tinstall | Tcheck | Ttotal | Status | Flags |
---|---|---|---|---|---|---|
r-devel-linux-x86_64-debian-clang | 0.1.0 | 6.22 | 55.41 | 61.63 | OK | |
r-devel-linux-x86_64-debian-gcc | 0.1.0 | 4.22 | 41.21 | 45.43 | OK | |
r-devel-linux-x86_64-fedora-clang | 0.1.0 | 76.43 | NOTE | |||
r-devel-linux-x86_64-fedora-gcc | 0.1.0 | 91.11 | NOTE | |||
r-devel-windows-x86_64 | 0.1.0 | 24.00 | 95.00 | 119.00 | OK | |
r-patched-linux-x86_64 | 0.1.0 | 5.20 | 51.54 | 56.74 | OK | |
r-release-linux-x86_64 | 0.1.0 | 4.28 | 52.58 | 56.86 | OK | |
r-release-macos-arm64 | 0.1.0 | 29.00 | OK | |||
r-release-macos-x86_64 | 0.1.0 | 44.00 | OK | |||
r-release-windows-x86_64 | 0.1.0 | 22.00 | 99.00 | 121.00 | OK | |
r-oldrel-macos-arm64 | 0.1.0 | 35.00 | OK | |||
r-oldrel-macos-x86_64 | 0.1.0 | 53.00 | OK | |||
r-oldrel-windows-ix86+x86_64 | 0.1.0 | 16.00 | 111.00 | 127.00 | OK |
Version: 0.1.0
Check: compiled code
Result: NOTE
File ‘ConsReg/libs/ConsReg.so’:
Found no calls to: ‘R_registerRoutines’, ‘R_useDynamicSymbols’
It is good practice to register native routines and to disable symbol
search.
See ‘Writing portable packages’ in the ‘Writing R Extensions’ manual.
Flavors: r-devel-linux-x86_64-fedora-clang, r-devel-linux-x86_64-fedora-gcc