Last updated on 2023-02-01 06:56:06 CET.
Flavor | Version | Tinstall | Tcheck | Ttotal | Status | Flags |
---|---|---|---|---|---|---|
r-devel-linux-x86_64-debian-clang | 0.1.5 | 10.67 | 373.52 | 384.19 | NOTE | |
r-devel-linux-x86_64-debian-gcc | 0.1.5 | 10.41 | 282.65 | 293.06 | NOTE | |
r-devel-linux-x86_64-fedora-clang | 0.1.5 | 470.28 | NOTE | |||
r-devel-linux-x86_64-fedora-gcc | 0.1.5 | 478.65 | NOTE | |||
r-devel-windows-x86_64 | 0.1.5 | 40.00 | 405.00 | 445.00 | NOTE | |
r-patched-linux-x86_64 | 0.1.5 | 10.61 | 348.50 | 359.11 | NOTE | |
r-release-linux-x86_64 | 0.1.5 | 11.26 | 331.21 | 342.47 | NOTE | |
r-release-macos-arm64 | 0.1.5 | 183.00 | NOTE | |||
r-release-macos-x86_64 | 0.1.5 | 232.00 | NOTE | |||
r-release-windows-x86_64 | 0.1.5 | 32.00 | 407.00 | 439.00 | NOTE | |
r-oldrel-macos-arm64 | 0.1.5 | 205.00 | NOTE | |||
r-oldrel-macos-x86_64 | 0.1.5 | 359.00 | NOTE | |||
r-oldrel-windows-ix86+x86_64 | 0.1.5 | 26.00 | 407.00 | 433.00 | NOTE |
Version: 0.1.5
Check: LazyData
Result: NOTE
'LazyData' is specified without a 'data' directory
Flavors: r-devel-linux-x86_64-debian-clang, r-devel-linux-x86_64-debian-gcc, r-devel-linux-x86_64-fedora-clang, r-devel-linux-x86_64-fedora-gcc, r-devel-windows-x86_64, r-patched-linux-x86_64, r-release-linux-x86_64, r-release-macos-arm64, r-release-macos-x86_64, r-release-windows-x86_64, r-oldrel-macos-arm64, r-oldrel-macos-x86_64, r-oldrel-windows-ix86+x86_64