Last updated on 2023-12-06 07:50:10 CET.
Flavor | Version | Tinstall | Tcheck | Ttotal | Status | Flags |
---|---|---|---|---|---|---|
r-devel-linux-x86_64-debian-clang | 0.1.5 | 12.56 | 363.35 | 375.91 | NOTE | |
r-devel-linux-x86_64-debian-gcc | 0.1.5 | 10.02 | 301.53 | 311.55 | NOTE | |
r-devel-linux-x86_64-fedora-clang | 0.1.5 | 483.85 | NOTE | |||
r-devel-linux-x86_64-fedora-gcc | 0.1.5 | 489.05 | NOTE | |||
r-devel-windows-x86_64 | 0.1.5 | 11.00 | 318.00 | 329.00 | NOTE | |
r-patched-linux-x86_64 | 0.1.5 | 11.91 | 367.16 | 379.07 | NOTE | |
r-release-linux-x86_64 | 0.1.5 | 10.58 | 378.85 | 389.43 | NOTE | |
r-release-macos-arm64 | 0.1.5 | 189.00 | NOTE | |||
r-release-macos-x86_64 | 0.1.5 | 427.00 | NOTE | |||
r-release-windows-x86_64 | 0.1.5 | 14.00 | 396.00 | 410.00 | NOTE | |
r-oldrel-macos-arm64 | 0.1.5 | 183.00 | NOTE | |||
r-oldrel-macos-x86_64 | 0.1.5 | 232.00 | NOTE | |||
r-oldrel-windows-x86_64 | 0.1.5 | 14.00 | 348.00 | 362.00 | NOTE |
Version: 0.1.5
Check: Rd files
Result: NOTE
checkRd: (-1) KCI.Rd:44: Lost braces
44 | \item \code{testStatistic} the statistic Tr(K_{(ddot{(Y)}|X)} * K_{(E|X)})
| ^
checkRd: (-1) KCI.Rd:44: Lost braces
44 | \item \code{testStatistic} the statistic Tr(K_{(ddot{(Y)}|X)} * K_{(E|X)})
| ^
checkRd: (-1) KCI.Rd:44: Lost braces; missing escapes or markup?
44 | \item \code{testStatistic} the statistic Tr(K_{(ddot{(Y)}|X)} * K_{(E|X)})
| ^
Flavors: r-devel-linux-x86_64-debian-clang, r-devel-linux-x86_64-debian-gcc
Version: 0.1.5
Check: LazyData
Result: NOTE
'LazyData' is specified without a 'data' directory
Flavors: r-devel-linux-x86_64-debian-clang, r-devel-linux-x86_64-debian-gcc, r-devel-linux-x86_64-fedora-clang, r-devel-linux-x86_64-fedora-gcc, r-devel-windows-x86_64, r-patched-linux-x86_64, r-release-linux-x86_64, r-release-macos-arm64, r-release-macos-x86_64, r-release-windows-x86_64, r-oldrel-macos-arm64, r-oldrel-macos-x86_64, r-oldrel-windows-x86_64