Last updated on 2023-01-27 07:50:29 CET.
Flavor | Version | Tinstall | Tcheck | Ttotal | Status | Flags |
---|---|---|---|---|---|---|
r-devel-linux-x86_64-debian-clang | 1.0 | 2.36 | 29.34 | 31.70 | OK | |
r-devel-linux-x86_64-debian-gcc | 1.0 | 2.46 | 22.38 | 24.84 | OK | |
r-devel-linux-x86_64-fedora-clang | 1.0 | 43.07 | NOTE | |||
r-devel-linux-x86_64-fedora-gcc | 1.0 | 40.19 | NOTE | |||
r-devel-windows-x86_64 | 1.0 | 7.00 | 63.00 | 70.00 | OK | |
r-patched-linux-x86_64 | 1.0 | 2.64 | 29.32 | 31.96 | OK | |
r-release-linux-x86_64 | 1.0 | 3.39 | 29.98 | 33.37 | OK | |
r-release-macos-arm64 | 1.0 | 14.00 | NOTE | |||
r-release-macos-x86_64 | 1.0 | 24.00 | NOTE | |||
r-release-windows-x86_64 | 1.0 | 9.00 | 60.00 | 69.00 | OK | |
r-oldrel-macos-arm64 | 1.0 | 24.00 | NOTE | |||
r-oldrel-macos-x86_64 | 1.0 | 25.00 | NOTE | |||
r-oldrel-windows-ix86+x86_64 | 1.0 | 8.00 | 56.00 | 64.00 | OK |
Version: 1.0
Check: dependencies in R code
Result: NOTE
Namespaces in Imports field not imported from:
‘PearsonDS’ ‘VGAM’ ‘actuar’ ‘fExtremes’ ‘rmutil’
All declared Imports should be used.
Flavors: r-devel-linux-x86_64-fedora-clang, r-devel-linux-x86_64-fedora-gcc, r-release-macos-arm64, r-release-macos-x86_64, r-oldrel-macos-arm64, r-oldrel-macos-x86_64