CRAN Package Check Results for Package CompDist

Last updated on 2023-11-28 07:52:58 CET.

Flavor Version Tinstall Tcheck Ttotal Status Flags
r-devel-linux-x86_64-debian-clang 1.0 2.19 29.45 31.64 OK
r-devel-linux-x86_64-debian-gcc 1.0 1.92 22.59 24.51 OK
r-devel-linux-x86_64-fedora-clang 1.0 42.13 NOTE
r-devel-linux-x86_64-fedora-gcc 1.0 41.01 NOTE
r-devel-windows-x86_64 1.0 4.00 51.00 55.00 OK
r-patched-linux-x86_64 1.0 2.61 29.24 31.85 OK
r-release-linux-x86_64 1.0 3.08 28.80 31.88 OK
r-release-macos-arm64 1.0 17.00 OK
r-release-macos-x86_64 1.0 23.00 OK
r-release-windows-x86_64 1.0 5.00 48.00 53.00 OK
r-oldrel-macos-arm64 1.0 14.00 NOTE
r-oldrel-macos-x86_64 1.0 24.00 NOTE
r-oldrel-windows-x86_64 1.0 5.00 53.00 58.00 OK

Check Details

Version: 1.0
Check: dependencies in R code
Result: NOTE Namespaces in Imports field not imported from: ‘PearsonDS’ ‘VGAM’ ‘actuar’ ‘fExtremes’ ‘rmutil’ All declared Imports should be used. Flavors: r-devel-linux-x86_64-fedora-clang, r-devel-linux-x86_64-fedora-gcc, r-oldrel-macos-arm64, r-oldrel-macos-x86_64