Last updated on 2023-02-05 07:57:16 CET.
Flavor | Version | Tinstall | Tcheck | Ttotal | Status | Flags |
---|---|---|---|---|---|---|
r-devel-linux-x86_64-debian-clang | 0.6.5 | 12.88 | 81.45 | 94.33 | NOTE | |
r-devel-linux-x86_64-debian-gcc | 0.6.5 | 9.90 | 63.92 | 73.82 | NOTE | |
r-devel-linux-x86_64-fedora-clang | 0.6.5 | 126.11 | NOTE | |||
r-devel-linux-x86_64-fedora-gcc | 0.6.5 | 146.58 | NOTE | |||
r-devel-windows-x86_64 | 0.6.5 | 99.00 | 122.00 | 221.00 | OK | |
r-patched-linux-x86_64 | 0.6.5 | 12.24 | 81.97 | 94.21 | NOTE | |
r-release-linux-x86_64 | 0.6.5 | 11.57 | 86.08 | 97.65 | NOTE | |
r-release-macos-arm64 | 0.6.5 | 40.00 | OK | |||
r-release-macos-x86_64 | 0.6.5 | 56.00 | OK | |||
r-release-windows-x86_64 | 0.6.5 | 137.00 | 167.00 | 304.00 | OK | |
r-oldrel-macos-arm64 | 0.6.5 | 49.00 | OK | |||
r-oldrel-macos-x86_64 | 0.6.5 | 81.00 | OK | |||
r-oldrel-windows-ix86+x86_64 | 0.6.5 | 23.00 | 113.00 | 136.00 | OK |
Version: 0.6.5
Check: for non-standard things in the check directory
Result: NOTE
Found the following files/directories:
‘foo.R’ ‘foo.html’
Flavors: r-devel-linux-x86_64-debian-clang, r-devel-linux-x86_64-debian-gcc, r-devel-linux-x86_64-fedora-clang, r-devel-linux-x86_64-fedora-gcc, r-patched-linux-x86_64, r-release-linux-x86_64