CRAN Package Check Results for Package CodeDepends

Last updated on 2024-02-27 07:54:42 CET.

Flavor Version Tinstall Tcheck Ttotal Status Flags
r-devel-linux-x86_64-debian-clang 0.6.5 9.69 82.88 92.57 NOTE
r-devel-linux-x86_64-debian-gcc 0.6.5 9.19 63.78 72.97 NOTE
r-devel-linux-x86_64-fedora-clang 0.6.5 124.01 NOTE
r-devel-linux-x86_64-fedora-gcc 0.6.5 146.56 NOTE
r-devel-windows-x86_64 0.6.5 10.00 88.00 98.00 OK
r-patched-linux-x86_64 0.6.5 10.47 82.63 93.10 NOTE
r-release-linux-x86_64 0.6.5 10.16 82.95 93.11 NOTE
r-release-macos-arm64 0.6.5 46.00 OK
r-release-macos-x86_64 0.6.5 73.00 OK
r-release-windows-x86_64 0.6.5 13.00 104.00 117.00 OK
r-oldrel-macos-arm64 0.6.5 39.00 OK
r-oldrel-windows-x86_64 0.6.5 18.00 106.00 124.00 OK

Check Details

Version: 0.6.5
Check: Rd files
Result: NOTE checkRd: (-1) asVarName.Rd:25: Lost braces in \itemize; meant \describe ? checkRd: (-1) asVarName.Rd:26-27: Lost braces in \itemize; meant \describe ? checkRd: (-1) asVarName.Rd:28-30: Lost braces in \itemize; meant \describe ? Flavors: r-devel-linux-x86_64-debian-clang, r-devel-linux-x86_64-debian-gcc, r-devel-linux-x86_64-fedora-clang, r-devel-linux-x86_64-fedora-gcc

Version: 0.6.5
Check: for non-standard things in the check directory
Result: NOTE Found the following files/directories: ‘foo.R’ ‘foo.html’ Flavors: r-devel-linux-x86_64-debian-clang, r-devel-linux-x86_64-debian-gcc, r-devel-linux-x86_64-fedora-clang, r-devel-linux-x86_64-fedora-gcc, r-patched-linux-x86_64, r-release-linux-x86_64