Last updated on 2023-01-29 07:55:59 CET.
Flavor | Version | Tinstall | Tcheck | Ttotal | Status | Flags |
---|---|---|---|---|---|---|
r-devel-linux-x86_64-debian-clang | 1.1.2 | 37.13 | 62.86 | 99.99 | OK | |
r-devel-linux-x86_64-debian-gcc | 1.1.2 | 31.27 | 46.31 | 77.58 | NOTE | |
r-devel-linux-x86_64-fedora-clang | 1.1.2 | 143.77 | OK | |||
r-devel-linux-x86_64-fedora-gcc | 1.1.2 | 124.27 | NOTE | |||
r-devel-windows-x86_64 | 1.1.2 | 160.00 | 118.00 | 278.00 | NOTE | |
r-patched-linux-x86_64 | 1.1.2 | 32.99 | 59.01 | 92.00 | OK | |
r-release-linux-x86_64 | 1.1.2 | 33.16 | 60.93 | 94.09 | OK | |
r-release-macos-arm64 | 1.1.2 | 46.00 | OK | |||
r-release-macos-x86_64 | 1.1.2 | 51.00 | OK | |||
r-release-windows-x86_64 | 1.1.2 | 43.00 | 107.00 | 150.00 | OK | |
r-oldrel-macos-arm64 | 1.1.2 | 42.00 | OK | |||
r-oldrel-macos-x86_64 | 1.1.2 | 55.00 | OK | |||
r-oldrel-windows-ix86+x86_64 | 1.1.2 | 98.00 | 124.00 | 222.00 | OK |
Version: 1.1.2
Check: C++ specification
Result: NOTE
Specified C++11: please update to current default of C++17
Flavors: r-devel-linux-x86_64-debian-gcc, r-devel-linux-x86_64-fedora-gcc, r-devel-windows-x86_64