Last updated on 2023-01-31 07:54:06 CET.
Flavor | Version | Tinstall | Tcheck | Ttotal | Status | Flags |
---|---|---|---|---|---|---|
r-devel-linux-x86_64-debian-clang | 1.0.3 | 31.09 | 89.08 | 120.17 | OK | |
r-devel-linux-x86_64-debian-gcc | 1.0.3 | 25.97 | 70.17 | 96.14 | OK | |
r-devel-linux-x86_64-fedora-clang | 1.0.3 | 156.21 | NOTE | |||
r-devel-linux-x86_64-fedora-gcc | 1.0.3 | 148.35 | NOTE | |||
r-devel-windows-x86_64 | 1.0.3 | 47.00 | 132.00 | 179.00 | OK | |
r-patched-linux-x86_64 | 1.0.3 | 21.88 | 87.45 | 109.33 | OK | |
r-release-linux-x86_64 | 1.0.3 | 26.87 | 87.12 | 113.99 | OK | |
r-release-macos-arm64 | 1.0.3 | 55.00 | OK | |||
r-release-macos-x86_64 | 1.0.3 | 100.00 | OK | |||
r-release-windows-x86_64 | 1.0.3 | 37.00 | 143.00 | 180.00 | OK | |
r-oldrel-macos-arm64 | 1.0.3 | 61.00 | OK | |||
r-oldrel-macos-x86_64 | 1.0.3 | 103.00 | OK | |||
r-oldrel-windows-ix86+x86_64 | 1.0.3 | 68.00 | 152.00 | 220.00 | OK |
Version: 1.0.3
Check: compiled code
Result: NOTE
File ‘ClusterStability/libs/ClusterStability.so’:
Found no calls to: ‘R_registerRoutines’, ‘R_useDynamicSymbols’
It is good practice to register native routines and to disable symbol
search.
See ‘Writing portable packages’ in the ‘Writing R Extensions’ manual.
Flavors: r-devel-linux-x86_64-fedora-clang, r-devel-linux-x86_64-fedora-gcc