CRAN Package Check Results for Package ClussCluster

Last updated on 2023-02-03 06:50:12 CET.

Flavor Version Tinstall Tcheck Ttotal Status Flags
r-devel-linux-x86_64-debian-clang 0.1.0 6.93 70.09 77.02 OK
r-devel-linux-x86_64-debian-gcc 0.1.0 5.35 50.88 56.23 OK
r-devel-linux-x86_64-fedora-clang 0.1.0 101.23 NOTE
r-devel-linux-x86_64-fedora-gcc 0.1.0 107.07 NOTE
r-devel-windows-x86_64 0.1.0 27.00 101.00 128.00 OK
r-patched-linux-x86_64 0.1.0 4.60 65.79 70.39 OK
r-release-linux-x86_64 0.1.0 5.83 66.91 72.74 OK
r-release-macos-arm64 0.1.0 29.00 NOTE
r-release-macos-x86_64 0.1.0 58.00 NOTE
r-release-windows-x86_64 0.1.0 21.00 109.00 130.00 OK
r-oldrel-macos-arm64 0.1.0 42.00 NOTE
r-oldrel-macos-x86_64 0.1.0 58.00 NOTE
r-oldrel-windows-ix86+x86_64 0.1.0 17.00 97.00 114.00 OK

Check Details

Version: 0.1.0
Check: dependencies in R code
Result: NOTE
    Namespace in Imports field not imported from: ‘utils’
     All declared Imports should be used.
Flavors: r-devel-linux-x86_64-fedora-clang, r-devel-linux-x86_64-fedora-gcc, r-release-macos-arm64, r-release-macos-x86_64, r-oldrel-macos-arm64, r-oldrel-macos-x86_64