Last updated on 2023-01-30 09:54:07 CET.
Flavor | Version | Tinstall | Tcheck | Ttotal | Status | Flags |
---|---|---|---|---|---|---|
r-devel-linux-x86_64-debian-clang | 0.2.1 | 5.21 | 49.79 | 55.00 | OK | |
r-devel-linux-x86_64-debian-gcc | 0.2.1 | 5.01 | 36.88 | 41.89 | OK | |
r-devel-linux-x86_64-fedora-clang | 0.2.1 | 67.50 | NOTE | |||
r-devel-linux-x86_64-fedora-gcc | 0.2.1 | 79.61 | OK | |||
r-devel-windows-x86_64 | 0.2.1 | 35.00 | 86.00 | 121.00 | OK | |
r-patched-linux-x86_64 | 0.2.1 | 6.70 | 47.07 | 53.77 | OK | |
r-release-linux-x86_64 | 0.2.1 | 5.44 | 46.43 | 51.87 | OK | |
r-release-macos-arm64 | 0.2.1 | 26.00 | OK | |||
r-release-macos-x86_64 | 0.2.1 | 38.00 | OK | |||
r-release-windows-x86_64 | 0.2.1 | 26.00 | 98.00 | 124.00 | OK | |
r-oldrel-macos-arm64 | 0.2.1 | 32.00 | OK | |||
r-oldrel-macos-x86_64 | 0.2.1 | 41.00 | OK | |||
r-oldrel-windows-ix86+x86_64 | 0.2.1 | 12.00 | 82.00 | 94.00 | OK |
Version: 0.2.1
Check: Rd cross-references
Result: NOTE
Undeclared package ‘s2dv’ in Rd xrefs
Flavor: r-devel-linux-x86_64-fedora-clang