Last updated on 2023-12-01 07:50:00 CET.
Flavor | Version | Tinstall | Tcheck | Ttotal | Status | Flags |
---|---|---|---|---|---|---|
r-devel-linux-x86_64-debian-clang | 1.3.0 | 3.04 | 57.63 | 60.67 | NOTE | |
r-devel-linux-x86_64-debian-gcc | 1.3.0 | 2.84 | 40.66 | 43.50 | NOTE | |
r-devel-linux-x86_64-fedora-clang | 1.3.0 | 74.55 | NOTE | |||
r-devel-linux-x86_64-fedora-gcc | 1.3.0 | 71.12 | NOTE | |||
r-devel-windows-x86_64 | 1.3.0 | 4.00 | 70.00 | 74.00 | NOTE | |
r-patched-linux-x86_64 | 1.3.0 | 3.43 | 54.19 | 57.62 | NOTE | |
r-release-linux-x86_64 | 1.3.0 | 3.25 | 54.48 | 57.73 | NOTE | |
r-release-macos-arm64 | 1.3.0 | 25.00 | NOTE | |||
r-release-macos-x86_64 | 1.3.0 | 45.00 | NOTE | |||
r-release-windows-x86_64 | 1.3.0 | 7.00 | 73.00 | 80.00 | NOTE | |
r-oldrel-macos-arm64 | 1.3.0 | 28.00 | OK | |||
r-oldrel-macos-x86_64 | 1.3.0 | 40.00 | OK | |||
r-oldrel-windows-x86_64 | 1.3.0 | 6.00 | 75.00 | 81.00 | OK |
Version: 1.3.0
Check: package subdirectories
Result: NOTE
Problems with news in ‘NEWS.md’:
No news entries found.
Flavors: r-devel-linux-x86_64-debian-clang, r-devel-linux-x86_64-debian-gcc, r-devel-linux-x86_64-fedora-clang, r-devel-linux-x86_64-fedora-gcc, r-devel-windows-x86_64, r-patched-linux-x86_64, r-release-linux-x86_64, r-release-macos-arm64, r-release-macos-x86_64, r-release-windows-x86_64