CRAN Package Check Results for Package ChoR

Last updated on 2023-03-31 07:53:21 CEST.

Flavor Version Tinstall Tcheck Ttotal Status Flags
r-devel-linux-x86_64-debian-clang 0.0-4 3.40 42.12 45.52 NOTE
r-devel-linux-x86_64-debian-gcc 0.0-4 3.31 32.22 35.53 NOTE
r-devel-linux-x86_64-fedora-clang 0.0-4 58.73 NOTE
r-devel-linux-x86_64-fedora-gcc 0.0-4 60.60 NOTE
r-devel-windows-x86_64 0.0-4 24.00 0.00 24.00 NOTE
r-patched-linux-x86_64 0.0-4 4.10 40.72 44.82 NOTE
r-release-linux-x86_64 0.0-4 4.26 41.02 45.28 NOTE
r-release-macos-arm64 0.0-4 25.00 NOTE
r-release-macos-x86_64 0.0-4 32.00 NOTE
r-release-windows-x86_64 0.0-4 20.00 83.00 103.00 NOTE
r-oldrel-macos-arm64 0.0-4 30.00 NOTE
r-oldrel-macos-x86_64 0.0-4 42.00 NOTE
r-oldrel-windows-ix86+x86_64 0.0-4 10.00 69.00 79.00 NOTE

Check Details

Version: 0.0-4
Check: LazyData
Result: NOTE
     'LazyData' is specified without a 'data' directory
Flavors: r-devel-linux-x86_64-debian-clang, r-devel-linux-x86_64-debian-gcc, r-devel-linux-x86_64-fedora-clang, r-devel-linux-x86_64-fedora-gcc, r-devel-windows-x86_64, r-patched-linux-x86_64, r-release-linux-x86_64, r-release-macos-arm64, r-release-macos-x86_64, r-release-windows-x86_64, r-oldrel-macos-arm64, r-oldrel-macos-x86_64, r-oldrel-windows-ix86+x86_64

Version: 0.0-4
Check: package dependencies
Result: NOTE
    Packages suggested but not available for checking: 'graph', 'Rgraphviz'
Flavor: r-release-macos-arm64