Last updated on 2023-02-02 06:54:45 CET.
Flavor | Version | Tinstall | Tcheck | Ttotal | Status | Flags |
---|---|---|---|---|---|---|
r-devel-linux-x86_64-debian-clang | 1.1.1 | 6.26 | 52.14 | 58.40 | OK | |
r-devel-linux-x86_64-debian-gcc | 1.1.1 | 5.52 | 38.74 | 44.26 | OK | |
r-devel-linux-x86_64-fedora-clang | 1.1.1 | 72.90 | NOTE | |||
r-devel-linux-x86_64-fedora-gcc | 1.1.1 | 70.13 | NOTE | |||
r-patched-linux-x86_64 | 1.1.1 | 5.12 | 50.84 | 55.96 | OK | |
r-release-linux-x86_64 | 1.1.1 | 5.69 | 54.75 | 60.44 | OK | |
r-release-macos-arm64 | 1.1.1 | 26.00 | NOTE | |||
r-release-macos-x86_64 | 1.1.1 | 46.00 | NOTE | |||
r-release-windows-x86_64 | 1.1.1 | 9.00 | 88.00 | 97.00 | OK | |
r-oldrel-macos-arm64 | 1.1.1 | 121.00 | NOTE | |||
r-oldrel-macos-x86_64 | 1.1.1 | 36.00 | NOTE | |||
r-oldrel-windows-ix86+x86_64 | 1.1.1 | 19.00 | 76.00 | 95.00 | OK |
Version: 1.1.1
Check: data for non-ASCII characters
Result: NOTE
Note: found 8119 marked UTF-8 strings
Flavors: r-devel-linux-x86_64-fedora-clang, r-devel-linux-x86_64-fedora-gcc, r-release-macos-arm64, r-release-macos-x86_64, r-oldrel-macos-arm64, r-oldrel-macos-x86_64