Last updated on 2023-09-25 07:01:58 CEST.
Flavor | Version | Tinstall | Tcheck | Ttotal | Status | Flags |
---|---|---|---|---|---|---|
r-devel-linux-x86_64-debian-clang | 1.0.3 | 9.92 | 91.84 | 101.76 | NOTE | |
r-devel-linux-x86_64-debian-gcc | 1.0.3 | 8.24 | 66.25 | 74.49 | NOTE | |
r-devel-linux-x86_64-fedora-clang | 1.0.3 | 119.04 | NOTE | |||
r-devel-linux-x86_64-fedora-gcc | 1.0.3 | 120.56 | NOTE | |||
r-devel-windows-x86_64 | 1.0.3 | 10.00 | 89.00 | 99.00 | NOTE | |
r-patched-linux-x86_64 | 1.0.3 | 10.33 | 84.12 | 94.45 | OK | |
r-release-linux-x86_64 | 1.0.3 | 8.50 | 83.77 | 92.27 | OK | |
r-release-macos-arm64 | 1.0.3 | 37.00 | OK | |||
r-release-macos-x86_64 | 1.0.3 | 85.00 | OK | |||
r-release-windows-x86_64 | 1.0.3 | 14.00 | 104.00 | 118.00 | OK | |
r-oldrel-macos-arm64 | 1.0.3 | 40.00 | OK | |||
r-oldrel-macos-x86_64 | 1.0.3 | 54.00 | OK | |||
r-oldrel-windows-x86_64 | 1.0.3 | 14.00 | 103.00 | 117.00 | OK |
Version: 1.0.3
Check: Rd \usage sections
Result: NOTE
Documented arguments not in \usage in documentation object '.chkArgs':
‘mode.’
Functions with \usage entries need to have the appropriate \alias
entries, and all their arguments documented.
The \usage entries must correspond to syntactically valid R code.
See chapter ‘Writing R documentation files’ in the ‘Writing R
Extensions’ manual.
Flavors: r-devel-linux-x86_64-debian-clang, r-devel-linux-x86_64-debian-gcc, r-devel-linux-x86_64-fedora-clang, r-devel-linux-x86_64-fedora-gcc, r-devel-windows-x86_64
Version: 1.0.3
Check: Rd cross-references
Result: NOTE
Undeclared package ‘mvoutlier’ in Rd xrefs
Flavor: r-devel-linux-x86_64-fedora-clang