Last updated on 2023-01-27 07:50:29 CET.
Flavor | Version | Tinstall | Tcheck | Ttotal | Status | Flags |
---|---|---|---|---|---|---|
r-devel-linux-x86_64-debian-clang | 2.0.6 | 30.35 | 29.11 | 59.46 | OK | |
r-devel-linux-x86_64-debian-gcc | 2.0.6 | 25.79 | 22.69 | 48.48 | NOTE | |
r-devel-linux-x86_64-fedora-clang | 2.0.6 | 82.69 | OK | |||
r-devel-linux-x86_64-fedora-gcc | 2.0.6 | 80.27 | NOTE | |||
r-devel-windows-x86_64 | 2.0.6 | 56.00 | 79.00 | 135.00 | OK | |
r-patched-linux-x86_64 | 2.0.6 | 30.37 | 28.84 | 59.21 | OK | |
r-release-linux-x86_64 | 2.0.6 | 28.95 | 28.84 | 57.79 | OK | |
r-release-macos-arm64 | 2.0.6 | 25.00 | OK | |||
r-release-macos-x86_64 | 2.0.6 | 36.00 | OK | |||
r-release-windows-x86_64 | 2.0.6 | 57.00 | 85.00 | 142.00 | OK | |
r-oldrel-macos-arm64 | 2.0.6 | 29.00 | OK | |||
r-oldrel-macos-x86_64 | 2.0.6 | 40.00 | OK | |||
r-oldrel-windows-ix86+x86_64 | 2.0.6 | 76.00 | 85.00 | 161.00 | OK |
Version: 2.0.6
Check: C++ specification
Result: NOTE
Specified C++11: please update to current default of C++17
Flavors: r-devel-linux-x86_64-debian-gcc, r-devel-linux-x86_64-fedora-gcc