Last updated on 2023-02-06 06:51:50 CET.
Flavor | Version | Tinstall | Tcheck | Ttotal | Status | Flags |
---|---|---|---|---|---|---|
r-devel-linux-x86_64-debian-clang | 1.0.0 | 2.44 | 21.14 | 23.58 | OK | |
r-devel-linux-x86_64-debian-gcc | 1.0.0 | 1.96 | 16.57 | 18.53 | OK | |
r-devel-linux-x86_64-fedora-clang | 1.0.0 | 31.67 | NOTE | |||
r-devel-linux-x86_64-fedora-gcc | 1.0.0 | 32.61 | NOTE | |||
r-devel-windows-x86_64 | 1.0.0 | 17.00 | 49.00 | 66.00 | OK | |
r-patched-linux-x86_64 | 1.0.0 | 1.57 | 21.01 | 22.58 | OK | |
r-release-linux-x86_64 | 1.0.0 | 1.61 | 22.06 | 23.67 | OK | |
r-release-macos-arm64 | 1.0.0 | 15.00 | NOTE | |||
r-release-macos-x86_64 | 1.0.0 | 22.00 | NOTE | |||
r-release-windows-x86_64 | 1.0.0 | 13.00 | 53.00 | 66.00 | OK | |
r-oldrel-macos-arm64 | 1.0.0 | 14.00 | NOTE | |||
r-oldrel-macos-x86_64 | 1.0.0 | 19.00 | NOTE | |||
r-oldrel-windows-ix86+x86_64 | 1.0.0 | 8.00 | 49.00 | 57.00 | OK |
Version: 1.0.0
Check: dependencies in R code
Result: NOTE
Namespaces in Imports field not imported from:
‘DT’ ‘batchtools’ ‘data.table’ ‘dplyr’ ‘ggplot2’ ‘htmltools’
‘jsonlite’ ‘magrittr’ ‘methods’ ‘plotly’ ‘reshape’ ‘rlang’ ‘shiny’
‘shinyWidgets’ ‘shinyjqui’ ‘shinyjs’ ‘shinymaterial’ ‘sortable’ ‘ssh’
‘xml2’
All declared Imports should be used.
Flavors: r-devel-linux-x86_64-fedora-clang, r-devel-linux-x86_64-fedora-gcc, r-release-macos-arm64, r-release-macos-x86_64, r-oldrel-macos-arm64, r-oldrel-macos-x86_64