Last updated on 2023-03-29 07:55:14 CEST.
Flavor | Version | Tinstall | Tcheck | Ttotal | Status | Flags |
---|---|---|---|---|---|---|
r-devel-linux-x86_64-debian-clang | 1.3.0 | 13.55 | 178.85 | 192.40 | NOTE | |
r-devel-linux-x86_64-debian-gcc | 1.3.0 | 13.36 | 132.25 | 145.61 | NOTE | |
r-devel-linux-x86_64-fedora-clang | 1.3.0 | 237.09 | NOTE | |||
r-devel-linux-x86_64-fedora-gcc | 1.3.0 | 237.97 | NOTE | |||
r-devel-windows-x86_64 | 1.3.0 | 39.00 | 0.00 | 39.00 | OK | |
r-patched-linux-x86_64 | 1.3.0 | 13.83 | 169.36 | 183.19 | NOTE | |
r-release-linux-x86_64 | 1.3.0 | 11.03 | 172.11 | 183.14 | NOTE | |
r-release-macos-arm64 | 1.3.0 | 67.00 | OK | |||
r-release-macos-x86_64 | 1.3.0 | 129.00 | OK | |||
r-release-windows-x86_64 | 1.3.0 | 32.00 | 216.00 | 248.00 | OK | |
r-oldrel-macos-arm64 | 1.3.0 | 81.00 | OK | |||
r-oldrel-macos-x86_64 | 1.3.0 | 108.00 | OK | |||
r-oldrel-windows-ix86+x86_64 | 1.3.0 | 31.00 | 211.00 | 242.00 | OK |
Version: 1.3.0
Check: for non-standard things in the check directory
Result: NOTE
Found the following files/directories:
‘MDA231_tree.pdf’
Flavors: r-devel-linux-x86_64-debian-clang, r-devel-linux-x86_64-debian-gcc, r-devel-linux-x86_64-fedora-clang, r-devel-linux-x86_64-fedora-gcc, r-patched-linux-x86_64, r-release-linux-x86_64