CRAN Package Check Results for Package Canek

Last updated on 2023-01-26 06:52:52 CET.

Flavor Version Tinstall Tcheck Ttotal Status Flags
r-devel-linux-x86_64-debian-clang 0.2.1 20.18 298.44 318.62 OK
r-devel-linux-x86_64-debian-gcc 0.2.1 18.87 223.41 242.28 OK
r-devel-linux-x86_64-fedora-clang 0.2.1 441.42 OK
r-devel-linux-x86_64-fedora-gcc 0.2.1 406.02 OK
r-devel-windows-x86_64 0.2.1 28.00 344.00 372.00 OK
r-patched-linux-x86_64 0.2.1 20.58 297.32 317.90 OK
r-release-linux-x86_64 0.2.1 20.14 296.80 316.94 OK
r-release-macos-arm64 0.2.1 8.00 ERROR
r-release-macos-x86_64 0.2.1 169.00 OK
r-release-windows-x86_64 0.2.1 28.00 344.00 372.00 OK
r-oldrel-macos-arm64 0.2.1 107.00 OK
r-oldrel-macos-x86_64 0.2.1 164.00 OK
r-oldrel-windows-ix86+x86_64 0.2.1 46.00 377.00 423.00 OK

Check Details

Version: 0.2.1
Check: package dependencies
Result: ERROR
    Package required but not available: ‘bluster’
    
    See section ‘The DESCRIPTION file’ in the ‘Writing R Extensions’
    manual.
Flavor: r-release-macos-arm64