Last updated on 2023-01-28 07:14:50 CET.
Flavor | Version | Tinstall | Tcheck | Ttotal | Status | Flags |
---|---|---|---|---|---|---|
r-devel-linux-x86_64-debian-clang | 2.0.3 | 109.04 | 86.62 | 195.66 | NOTE | |
r-devel-linux-x86_64-debian-gcc | 2.0.3 | 100.90 | 65.62 | 166.52 | NOTE | |
r-devel-linux-x86_64-fedora-clang | 2.0.3 | 303.98 | NOTE | |||
r-devel-linux-x86_64-fedora-gcc | 2.0.3 | 267.73 | NOTE | |||
r-devel-windows-x86_64 | 2.0.3 | 93.00 | 138.00 | 231.00 | NOTE | |
r-patched-linux-x86_64 | 2.0.3 | 100.09 | 87.00 | 187.09 | NOTE | |
r-release-linux-x86_64 | 2.0.3 | 95.78 | 85.59 | 181.37 | NOTE | |
r-release-macos-arm64 | 2.0.3 | 70.00 | NOTE | |||
r-release-macos-x86_64 | 2.0.3 | 118.00 | NOTE | |||
r-release-windows-x86_64 | 2.0.3 | 92.00 | 147.00 | 239.00 | NOTE | |
r-oldrel-macos-arm64 | 2.0.3 | 76.00 | NOTE | |||
r-oldrel-macos-x86_64 | 2.0.3 | 114.00 | NOTE | |||
r-oldrel-windows-ix86+x86_64 | 2.0.3 | 261.00 | 160.00 | 421.00 | NOTE |
Version: 2.0.3
Check: LazyData
Result: NOTE
'LazyData' is specified without a 'data' directory
Flavors: r-devel-linux-x86_64-debian-clang, r-devel-linux-x86_64-debian-gcc, r-devel-linux-x86_64-fedora-clang, r-devel-linux-x86_64-fedora-gcc, r-devel-windows-x86_64, r-patched-linux-x86_64, r-release-linux-x86_64, r-release-macos-arm64, r-release-macos-x86_64, r-release-windows-x86_64, r-oldrel-macos-arm64, r-oldrel-macos-x86_64, r-oldrel-windows-ix86+x86_64
Version: 2.0.3
Check: installed package size
Result: NOTE
installed size is 9.8Mb
sub-directories of 1Mb or more:
libs 9.5Mb
Flavors: r-release-macos-arm64, r-release-macos-x86_64, r-oldrel-macos-arm64, r-oldrel-macos-x86_64