CRAN Package Check Results for Package CalibrateSSB

Last updated on 2023-01-30 09:54:06 CET.

Flavor Version Tinstall Tcheck Ttotal Status Flags
r-devel-linux-x86_64-debian-clang 1.3.0 10.36 113.28 123.64 NOTE
r-devel-linux-x86_64-debian-gcc 1.3.0 8.98 83.82 92.80 NOTE
r-devel-linux-x86_64-fedora-clang 1.3.0 155.57 NOTE
r-devel-linux-x86_64-fedora-gcc 1.3.0 151.54 NOTE
r-devel-windows-x86_64 1.3.0 29.00 140.00 169.00 NOTE
r-patched-linux-x86_64 1.3.0 10.32 110.49 120.81 NOTE
r-release-linux-x86_64 1.3.0 10.51 108.43 118.94 NOTE
r-release-macos-arm64 1.3.0 49.00 NOTE
r-release-macos-x86_64 1.3.0 62.00 NOTE
r-release-windows-x86_64 1.3.0 44.00 139.00 183.00 NOTE
r-oldrel-macos-arm64 1.3.0 46.00 NOTE
r-oldrel-macos-x86_64 1.3.0 74.00 NOTE
r-oldrel-windows-ix86+x86_64 1.3.0 21.00 136.00 157.00 NOTE

Check Details

Version: 1.3.0
Check: package dependencies
Result: NOTE
    Package suggested but not available for checking: ‘ReGenesees’
Flavors: r-devel-linux-x86_64-debian-clang, r-devel-linux-x86_64-debian-gcc, r-devel-linux-x86_64-fedora-clang, r-devel-linux-x86_64-fedora-gcc, r-devel-windows-x86_64, r-patched-linux-x86_64, r-release-linux-x86_64, r-release-macos-arm64, r-release-macos-x86_64, r-release-windows-x86_64, r-oldrel-macos-arm64, r-oldrel-macos-x86_64, r-oldrel-windows-ix86+x86_64