CRAN Package Check Results for Package CTTinShiny

Last updated on 2024-02-27 07:54:43 CET.

Flavor Version Tinstall Tcheck Ttotal Status Flags
r-devel-linux-x86_64-debian-clang 0.1.0 4.78 38.19 42.97 NOTE
r-devel-linux-x86_64-debian-gcc 0.1.0 3.98 30.20 34.18 NOTE
r-devel-linux-x86_64-fedora-clang 0.1.0 56.55 NOTE
r-devel-linux-x86_64-fedora-gcc 0.1.0 50.77 NOTE
r-devel-windows-x86_64 0.1.0 6.00 50.00 56.00 NOTE
r-patched-linux-x86_64 0.1.0 4.03 37.50 41.53 NOTE
r-release-linux-x86_64 0.1.0 5.19 37.37 42.56 NOTE
r-release-macos-arm64 0.1.0 23.00 NOTE
r-release-macos-x86_64 0.1.0 30.00 NOTE
r-release-windows-x86_64 0.1.0 7.00 52.00 59.00 NOTE
r-oldrel-macos-arm64 0.1.0 20.00 NOTE
r-oldrel-windows-x86_64 0.1.0 7.00 61.00 68.00 NOTE

Check Details

Version: 0.1.0
Check: LazyData
Result: NOTE 'LazyData' is specified without a 'data' directory Flavors: r-devel-linux-x86_64-debian-clang, r-devel-linux-x86_64-debian-gcc, r-devel-linux-x86_64-fedora-clang, r-devel-linux-x86_64-fedora-gcc, r-devel-windows-x86_64, r-patched-linux-x86_64, r-release-linux-x86_64, r-release-macos-arm64, r-release-macos-x86_64, r-release-windows-x86_64, r-oldrel-macos-arm64, r-oldrel-windows-x86_64