CRAN Package Check Results for Package CTT

Last updated on 2024-03-02 06:51:50 CET.

Flavor Version Tinstall Tcheck Ttotal Status Flags
r-devel-linux-x86_64-debian-clang 2.3.3 3.10 27.63 30.73 NOTE
r-devel-linux-x86_64-debian-gcc 2.3.3 2.36 21.70 24.06 NOTE
r-devel-linux-x86_64-fedora-clang 2.3.3 40.00 NOTE
r-devel-linux-x86_64-fedora-gcc 2.3.3 36.74 NOTE
r-devel-windows-x86_64 2.3.3 3.00 43.00 46.00 OK
r-patched-linux-x86_64 2.3.3 3.41 27.72 31.13 NOTE
r-release-linux-x86_64 2.3.3 2.89 27.29 30.18 NOTE
r-release-macos-arm64 2.3.3 17.00 OK
r-release-macos-x86_64 2.3.3 22.00 OK
r-release-windows-x86_64 2.3.3 7.00 43.00 50.00 OK
r-oldrel-macos-arm64 2.3.3 16.00 OK
r-oldrel-windows-x86_64 2.3.3 8.00 47.00 55.00 OK

Check Details

Version: 2.3.3
Check: for non-standard things in the check directory
Result: NOTE Found the following files/directories: ‘Hello.csv’ Flavors: r-devel-linux-x86_64-debian-clang, r-devel-linux-x86_64-debian-gcc, r-devel-linux-x86_64-fedora-clang, r-devel-linux-x86_64-fedora-gcc, r-patched-linux-x86_64, r-release-linux-x86_64