Last updated on 2023-03-29 07:55:16 CEST.
Flavor | Version | Tinstall | Tcheck | Ttotal | Status | Flags |
---|---|---|---|---|---|---|
r-devel-linux-x86_64-debian-clang | 2.3.3 | 2.18 | 28.29 | 30.47 | NOTE | |
r-devel-linux-x86_64-debian-gcc | 2.3.3 | 2.32 | 21.52 | 23.84 | NOTE | |
r-devel-linux-x86_64-fedora-clang | 2.3.3 | 39.40 | NOTE | |||
r-devel-linux-x86_64-fedora-gcc | 2.3.3 | 36.91 | NOTE | |||
r-devel-windows-x86_64 | 2.3.3 | 14.00 | 55.00 | 69.00 | OK | |
r-patched-linux-x86_64 | 2.3.3 | 2.21 | 26.95 | 29.16 | NOTE | |
r-release-linux-x86_64 | 2.3.3 | 2.44 | 28.06 | 30.50 | NOTE | |
r-release-macos-arm64 | 2.3.3 | 16.00 | OK | |||
r-release-macos-x86_64 | 2.3.3 | 22.00 | OK | |||
r-release-windows-x86_64 | 2.3.3 | 8.00 | 47.00 | 55.00 | OK | |
r-oldrel-macos-arm64 | 2.3.3 | 20.00 | OK | |||
r-oldrel-macos-x86_64 | 2.3.3 | 30.00 | OK | |||
r-oldrel-windows-ix86+x86_64 | 2.3.3 | 6.00 | 38.00 | 44.00 | OK |
Version: 2.3.3
Check: for non-standard things in the check directory
Result: NOTE
Found the following files/directories:
‘Hello.csv’
Flavors: r-devel-linux-x86_64-debian-clang, r-devel-linux-x86_64-debian-gcc, r-devel-linux-x86_64-fedora-clang, r-devel-linux-x86_64-fedora-gcc, r-patched-linux-x86_64, r-release-linux-x86_64