CRAN Package Check Results for Package CSGo

Last updated on 2023-12-09 07:49:28 CET.

Flavor Version Tinstall Tcheck Ttotal Status Flags
r-devel-linux-x86_64-debian-clang 0.6.7 2.11 28.72 30.83 OK
r-devel-linux-x86_64-debian-gcc 0.6.7 2.04 22.43 24.47 OK
r-devel-linux-x86_64-fedora-clang 0.6.7 41.32 NOTE
r-devel-linux-x86_64-fedora-gcc 0.6.7 51.75 NOTE
r-devel-windows-x86_64 0.6.7 4.00 47.00 51.00 OK
r-patched-linux-x86_64 0.6.7 2.57 28.50 31.07 OK
r-release-linux-x86_64 0.6.7 2.05 28.03 30.08 OK
r-release-macos-arm64 0.6.7 30.00 OK
r-release-macos-x86_64 0.6.7 35.00 OK
r-release-windows-x86_64 0.6.7 5.00 46.00 51.00 OK
r-oldrel-macos-arm64 0.6.7 21.00 NOTE
r-oldrel-macos-x86_64 0.6.7 34.00 NOTE
r-oldrel-windows-x86_64 0.6.7 4.00 55.00 59.00 OK

Check Details

Version: 0.6.7
Check: dependencies in R code
Result: NOTE Namespaces in Imports field not imported from: ‘extrafont’ ‘future’ All declared Imports should be used. Flavors: r-devel-linux-x86_64-fedora-clang, r-devel-linux-x86_64-fedora-gcc, r-oldrel-macos-arm64, r-oldrel-macos-x86_64