Last updated on 2023-12-03 08:50:04 CET.
Flavor | Version | Tinstall | Tcheck | Ttotal | Status | Flags |
---|---|---|---|---|---|---|
r-devel-linux-x86_64-debian-clang | 0.1.0 | 11.27 | 112.50 | 123.77 | NOTE | |
r-devel-linux-x86_64-debian-gcc | 0.1.0 | 9.58 | 82.71 | 92.29 | NOTE | |
r-devel-linux-x86_64-fedora-clang | 0.1.0 | 154.48 | NOTE | |||
r-devel-linux-x86_64-fedora-gcc | 0.1.0 | 145.40 | NOTE | |||
r-devel-windows-x86_64 | 0.1.0 | 11.00 | 95.00 | 106.00 | NOTE | |
r-patched-linux-x86_64 | 0.1.0 | 10.19 | 107.97 | 118.16 | NOTE | |
r-release-linux-x86_64 | 0.1.0 | 8.28 | 108.34 | 116.62 | NOTE | |
r-release-macos-arm64 | 0.1.0 | 31.00 | NOTE | |||
r-release-macos-x86_64 | 0.1.0 | 55.00 | NOTE | |||
r-release-windows-x86_64 | 0.1.0 | 14.00 | 111.00 | 125.00 | NOTE | |
r-oldrel-macos-arm64 | 0.1.0 | 32.00 | NOTE | |||
r-oldrel-macos-x86_64 | 0.1.0 | 43.00 | NOTE | |||
r-oldrel-windows-x86_64 | 0.1.0 | 15.00 | 113.00 | 128.00 | NOTE |
Version: 0.1.0
Check: LazyData
Result: NOTE
'LazyData' is specified without a 'data' directory
Flavors: r-devel-linux-x86_64-debian-clang, r-devel-linux-x86_64-debian-gcc, r-devel-linux-x86_64-fedora-clang, r-devel-linux-x86_64-fedora-gcc, r-devel-windows-x86_64, r-patched-linux-x86_64, r-release-linux-x86_64, r-release-macos-arm64, r-release-macos-x86_64, r-release-windows-x86_64, r-oldrel-macos-arm64, r-oldrel-macos-x86_64, r-oldrel-windows-x86_64