CRAN Package Check Results for Package CPAT

Last updated on 2023-01-29 07:55:59 CET.

Flavor Version Tinstall Tcheck Ttotal Status Flags
r-devel-linux-x86_64-debian-clang 0.1.0 36.27 96.70 132.97 OK
r-devel-linux-x86_64-debian-gcc 0.1.0 32.23 61.45 93.68 OK
r-devel-linux-x86_64-fedora-clang 0.1.0 185.95 NOTE
r-devel-linux-x86_64-fedora-gcc 0.1.0 150.57 NOTE
r-devel-windows-x86_64 0.1.0 48.00 155.00 203.00 OK
r-patched-linux-x86_64 0.1.0 32.89 75.71 108.60 OK
r-release-linux-x86_64 0.1.0 32.33 78.70 111.03 OK
r-release-macos-arm64 0.1.0 49.00 NOTE
r-release-macos-x86_64 0.1.0 79.00 NOTE
r-release-windows-x86_64 0.1.0 44.00 140.00 184.00 OK
r-oldrel-macos-arm64 0.1.0 55.00 NOTE
r-oldrel-macos-x86_64 0.1.0 113.00 NOTE
r-oldrel-windows-ix86+x86_64 0.1.0 98.00 201.00 299.00 OK

Check Details

Version: 0.1.0
Check: dependencies in R code
Result: NOTE
    Namespaces in Imports field not imported from:
     ‘Rdpack’ ‘grDevices’
     All declared Imports should be used.
Flavors: r-devel-linux-x86_64-fedora-clang, r-devel-linux-x86_64-fedora-gcc, r-release-macos-arm64, r-release-macos-x86_64, r-oldrel-macos-arm64, r-oldrel-macos-x86_64