Last updated on 2023-12-03 08:50:04 CET.
Flavor | Version | Tinstall | Tcheck | Ttotal | Status | Flags |
---|---|---|---|---|---|---|
r-devel-linux-x86_64-debian-clang | 0.1.0 | 45.34 | 96.95 | 142.29 | OK | |
r-devel-linux-x86_64-debian-gcc | 0.1.0 | 26.91 | 62.75 | 89.66 | OK | |
r-devel-linux-x86_64-fedora-clang | 0.1.0 | 193.69 | NOTE | |||
r-devel-linux-x86_64-fedora-gcc | 0.1.0 | 162.02 | NOTE | |||
r-devel-windows-x86_64 | 0.1.0 | 33.00 | 123.00 | 156.00 | OK | |
r-patched-linux-x86_64 | 0.1.0 | 34.26 | 81.26 | 115.52 | OK | |
r-release-linux-x86_64 | 0.1.0 | 38.00 | 83.07 | 121.07 | OK | |
r-release-macos-arm64 | 0.1.0 | 60.00 | OK | |||
r-release-macos-x86_64 | 0.1.0 | 90.00 | OK | |||
r-release-windows-x86_64 | 0.1.0 | 45.00 | 131.00 | 176.00 | OK | |
r-oldrel-macos-arm64 | 0.1.0 | 49.00 | NOTE | |||
r-oldrel-macos-x86_64 | 0.1.0 | 79.00 | NOTE | |||
r-oldrel-windows-x86_64 | 0.1.0 | 40.00 | 126.00 | 166.00 | OK |
Version: 0.1.0
Check: dependencies in R code
Result: NOTE
Namespaces in Imports field not imported from:
‘Rdpack’ ‘grDevices’
All declared Imports should be used.
Flavors: r-devel-linux-x86_64-fedora-clang, r-devel-linux-x86_64-fedora-gcc, r-oldrel-macos-arm64, r-oldrel-macos-x86_64