Last updated on 2023-01-28 07:14:51 CET.
Flavor | Version | Tinstall | Tcheck | Ttotal | Status | Flags |
---|---|---|---|---|---|---|
r-devel-linux-x86_64-debian-clang | 1.0.0 | 156.99 | 88.68 | 245.67 | OK | |
r-devel-linux-x86_64-debian-gcc | 1.0.0 | 130.76 | 64.83 | 195.59 | NOTE | |
r-devel-linux-x86_64-fedora-clang | 1.0.0 | 353.38 | OK | |||
r-devel-linux-x86_64-fedora-gcc | 1.0.0 | 333.09 | NOTE | |||
r-devel-windows-x86_64 | 1.0.0 | 117.00 | 136.00 | 253.00 | OK | |
r-patched-linux-x86_64 | 1.0.0 | 135.61 | 82.95 | 218.56 | OK | |
r-release-linux-x86_64 | 1.0.0 | 144.07 | 82.42 | 226.49 | OK | |
r-release-macos-arm64 | 1.0.0 | 80.00 | NOTE | |||
r-release-macos-x86_64 | 1.0.0 | 101.00 | NOTE | |||
r-release-windows-x86_64 | 1.0.0 | 115.00 | 140.00 | 255.00 | OK | |
r-oldrel-macos-arm64 | 1.0.0 | 75.00 | NOTE | |||
r-oldrel-macos-x86_64 | 1.0.0 | 102.00 | NOTE | |||
r-oldrel-windows-ix86+x86_64 | 1.0.0 | 375.00 | 164.00 | 539.00 | NOTE |
Version: 1.0.0
Check: C++ specification
Result: NOTE
Specified C++11: please update to current default of C++17
Flavors: r-devel-linux-x86_64-debian-gcc, r-devel-linux-x86_64-fedora-gcc
Version: 1.0.0
Check: installed package size
Result: NOTE
installed size is 17.2Mb
sub-directories of 1Mb or more:
doc 1.8Mb
libs 15.2Mb
Flavors: r-release-macos-arm64, r-release-macos-x86_64, r-oldrel-macos-arm64, r-oldrel-macos-x86_64, r-oldrel-windows-ix86+x86_64