Last updated on 2023-01-30 09:54:07 CET.
Flavor | Version | Tinstall | Tcheck | Ttotal | Status | Flags |
---|---|---|---|---|---|---|
r-devel-linux-x86_64-debian-clang | 1.0.0 | 1.96 | 22.66 | 24.62 | OK | |
r-devel-linux-x86_64-debian-gcc | 1.0.0 | 1.58 | 17.87 | 19.45 | OK | |
r-devel-linux-x86_64-fedora-clang | 1.0.0 | 32.61 | NOTE | |||
r-devel-linux-x86_64-fedora-gcc | 1.0.0 | 30.97 | NOTE | |||
r-devel-windows-x86_64 | 1.0.0 | 10.00 | 50.00 | 60.00 | OK | |
r-patched-linux-x86_64 | 1.0.0 | 1.78 | 23.05 | 24.83 | OK | |
r-release-linux-x86_64 | 1.0.0 | 2.07 | 23.37 | 25.44 | OK | |
r-release-macos-arm64 | 1.0.0 | 21.00 | NOTE | |||
r-release-macos-x86_64 | 1.0.0 | 22.00 | NOTE | |||
r-release-windows-x86_64 | 1.0.0 | 14.00 | 53.00 | 67.00 | OK | |
r-oldrel-macos-arm64 | 1.0.0 | 26.00 | NOTE | |||
r-oldrel-macos-x86_64 | 1.0.0 | 24.00 | NOTE | |||
r-oldrel-windows-ix86+x86_64 | 1.0.0 | 6.00 | 47.00 | 53.00 | OK |
Version: 1.0.0
Check: data for non-ASCII characters
Result: NOTE
Note: found 2 marked UTF-8 strings
Flavors: r-devel-linux-x86_64-fedora-clang, r-devel-linux-x86_64-fedora-gcc, r-release-macos-arm64, r-release-macos-x86_64, r-oldrel-macos-arm64, r-oldrel-macos-x86_64