CRAN Package Check Results for Package CMAPSS

Last updated on 2022-11-30 07:54:24 CET.

Flavor Version Tinstall Tcheck Ttotal Status Flags
r-devel-linux-x86_64-debian-clang 0.1.1 9.28 32.85 42.13 OK
r-devel-linux-x86_64-debian-gcc 0.1.1 7.59 26.98 34.57 OK
r-devel-linux-x86_64-fedora-clang 0.1.1 69.75 NOTE
r-devel-linux-x86_64-fedora-gcc 0.1.1 64.13 NOTE
r-devel-windows-x86_64 0.1.1 13.00 67.00 80.00 NOTE
r-patched-linux-x86_64 0.1.1 8.54 34.67 43.21 OK
r-release-linux-x86_64 0.1.1 9.06 33.35 42.41 OK
r-release-macos-arm64 0.1.1 24.00 NOTE
r-release-macos-x86_64 0.1.1 33.00 NOTE
r-release-windows-x86_64 0.1.1 16.00 71.00 87.00 NOTE
r-oldrel-macos-arm64 0.1.1 29.00 NOTE
r-oldrel-macos-x86_64 0.1.1 32.00 NOTE
r-oldrel-windows-ix86+x86_64 0.1.1 14.00 56.00 70.00 NOTE

Check Details

Version: 0.1.1
Check: installed package size
Result: NOTE
     installed size is 5.3Mb
     sub-directories of 1Mb or more:
     data 5.2Mb
Flavors: r-devel-linux-x86_64-fedora-clang, r-devel-windows-x86_64, r-release-macos-arm64, r-release-macos-x86_64, r-release-windows-x86_64, r-oldrel-macos-arm64, r-oldrel-macos-x86_64, r-oldrel-windows-ix86+x86_64

Version: 0.1.1
Check: dependencies in R code
Result: NOTE
    Namespace in Imports field not imported from: ‘Rdpack’
     All declared Imports should be used.
Flavors: r-devel-linux-x86_64-fedora-clang, r-devel-linux-x86_64-fedora-gcc, r-release-macos-arm64, r-release-macos-x86_64, r-oldrel-macos-arm64, r-oldrel-macos-x86_64