CRAN Package Check Results for Package CLUSTShiny

Last updated on 2024-05-24 07:59:42 CEST.

Flavor Version Tinstall Tcheck Ttotal Status Flags
r-devel-linux-x86_64-debian-clang 0.1.0 2.50 20.76 23.26 NOTE
r-devel-linux-x86_64-debian-gcc 0.1.0 1.94 15.89 17.83 NOTE
r-devel-linux-x86_64-fedora-clang 0.1.0 30.97 NOTE
r-devel-linux-x86_64-fedora-gcc 0.1.0 27.51 NOTE
r-devel-windows-x86_64 0.1.0 3.00 44.00 47.00 NOTE
r-patched-linux-x86_64 0.1.0 1.36 19.52 20.88 NOTE
r-release-linux-x86_64 0.1.0 2.36 19.44 21.80 NOTE
r-release-macos-arm64 0.1.0 17.00 NOTE
r-release-windows-x86_64 0.1.0 3.00 38.00 41.00 NOTE
r-oldrel-macos-arm64 0.1.0 16.00 NOTE
r-oldrel-macos-x86_64 0.1.0 18.00 NOTE
r-oldrel-windows-x86_64 0.1.0 4.00 39.00 43.00 NOTE

Check Details

Version: 0.1.0
Check: LazyData
Result: NOTE 'LazyData' is specified without a 'data' directory Flavors: r-devel-linux-x86_64-debian-clang, r-devel-linux-x86_64-debian-gcc, r-devel-linux-x86_64-fedora-clang, r-devel-linux-x86_64-fedora-gcc, r-devel-windows-x86_64, r-patched-linux-x86_64, r-release-linux-x86_64, r-release-macos-arm64, r-release-windows-x86_64, r-oldrel-macos-arm64, r-oldrel-macos-x86_64, r-oldrel-windows-x86_64

Version: 0.1.0
Check: dependencies in R code
Result: NOTE Namespaces in Imports field not imported from: ‘MASS’ ‘cluster’ ‘datasets’ ‘dplyr’ ‘klaR’ ‘psycho’ ‘shiny’ All declared Imports should be used. Flavors: r-devel-linux-x86_64-fedora-clang, r-devel-linux-x86_64-fedora-gcc