Last updated on 2023-02-04 08:01:08 CET.
Flavor | Version | Tinstall | Tcheck | Ttotal | Status | Flags |
---|---|---|---|---|---|---|
r-devel-linux-x86_64-debian-clang | 8.2-6 | 197.01 | 178.08 | 375.09 | OK | |
r-devel-linux-x86_64-debian-gcc | 8.2-6 | 132.24 | 128.96 | 261.20 | OK | |
r-devel-linux-x86_64-fedora-clang | 8.2-6 | 500.08 | OK | |||
r-devel-linux-x86_64-fedora-gcc | 8.2-6 | 423.06 | OK | |||
r-devel-windows-x86_64 | 8.2-6 | 279.00 | 235.00 | 514.00 | OK | |
r-patched-linux-x86_64 | 8.2-6 | 134.44 | 162.19 | 296.63 | OK | |
r-release-linux-x86_64 | 8.2-6 | 142.58 | 157.70 | 300.28 | OK | |
r-release-macos-arm64 | 8.2-6 | 96.00 | NOTE | |||
r-release-macos-x86_64 | 8.2-6 | 132.00 | NOTE | |||
r-release-windows-x86_64 | 8.2-6 | 242.00 | 228.00 | 470.00 | OK | |
r-oldrel-macos-arm64 | 8.2-6 | 87.00 | NOTE | |||
r-oldrel-macos-x86_64 | 8.2-6 | 137.00 | NOTE | |||
r-oldrel-windows-ix86+x86_64 | 8.2-6 | 400.00 | 236.00 | 636.00 | NOTE |
Version: 8.2-6
Check: installed package size
Result: NOTE
installed size is 6.2Mb
sub-directories of 1Mb or more:
data 1.3Mb
libs 3.4Mb
Flavors: r-release-macos-arm64, r-release-macos-x86_64, r-oldrel-macos-arm64, r-oldrel-macos-x86_64, r-oldrel-windows-ix86+x86_64