Last updated on 2023-02-02 06:54:45 CET.
Flavor | Version | Tinstall | Tcheck | Ttotal | Status | Flags |
---|---|---|---|---|---|---|
r-devel-linux-x86_64-debian-clang | 3.3.1 | 99.16 | 284.43 | 383.59 | OK | |
r-devel-linux-x86_64-debian-gcc | 3.3.1 | 77.95 | 207.68 | 285.63 | OK | |
r-devel-linux-x86_64-fedora-clang | 3.3.1 | 480.66 | OK | |||
r-devel-linux-x86_64-fedora-gcc | 3.3.1 | 472.48 | OK | |||
r-devel-windows-x86_64 | 3.3.1 | 127.00 | 341.00 | 468.00 | OK | |
r-patched-linux-x86_64 | 3.3.1 | 83.27 | 271.00 | 354.27 | OK | |
r-release-linux-x86_64 | 3.3.1 | 79.35 | 271.67 | 351.02 | OK | |
r-release-macos-arm64 | 3.3.1 | 117.00 | NOTE | |||
r-release-macos-x86_64 | 3.3.1 | 165.00 | NOTE | |||
r-release-windows-x86_64 | 3.3.1 | 107.00 | 337.00 | 444.00 | OK | |
r-oldrel-macos-arm64 | 3.3.1 | 98.00 | NOTE | |||
r-oldrel-macos-x86_64 | 3.3.1 | 166.00 | NOTE | |||
r-oldrel-windows-ix86+x86_64 | 3.3.1 | 187.00 | 363.00 | 550.00 | OK |
Version: 3.3.1
Check: installed package size
Result: NOTE
installed size is 7.8Mb
sub-directories of 1Mb or more:
libs 5.9Mb
Flavors: r-release-macos-arm64, r-release-macos-x86_64, r-oldrel-macos-arm64, r-oldrel-macos-x86_64