Last updated on 2023-02-03 06:50:11 CET.
Flavor | Version | Tinstall | Tcheck | Ttotal | Status | Flags |
---|---|---|---|---|---|---|
r-devel-linux-x86_64-debian-clang | 2.0.1 | 45.76 | 36.17 | 81.93 | NOTE | |
r-devel-linux-x86_64-debian-gcc | 2.0.1 | 40.00 | 27.53 | 67.53 | NOTE | |
r-devel-linux-x86_64-fedora-clang | 2.0.1 | 116.18 | NOTE | |||
r-devel-linux-x86_64-fedora-gcc | 2.0.1 | 111.14 | NOTE | |||
r-patched-linux-x86_64 | 2.0.1 | 41.27 | 35.50 | 76.77 | OK | |
r-release-linux-x86_64 | 2.0.1 | 43.30 | 33.39 | 76.69 | OK | |
r-release-macos-arm64 | 2.0.1 | 32.00 | OK | |||
r-release-macos-x86_64 | 2.0.1 | 44.00 | NOTE | |||
r-release-windows-x86_64 | 2.0.1 | 46.00 | 86.00 | 132.00 | OK | |
r-oldrel-macos-arm64 | 2.0.1 | 37.00 | NOTE | |||
r-oldrel-macos-x86_64 | 2.0.1 | 62.00 | NOTE | |||
r-oldrel-windows-ix86+x86_64 | 2.0.1 | 116.00 | 88.00 | 204.00 | OK |
Version: 2.0.1
Check: C++ specification
Result: NOTE
Specified C++11: please update to current default of C++17
Flavors: r-devel-linux-x86_64-debian-clang, r-devel-linux-x86_64-debian-gcc, r-devel-linux-x86_64-fedora-clang, r-devel-linux-x86_64-fedora-gcc
Version: 2.0.1
Check: installed package size
Result: NOTE
installed size is 5.1Mb
sub-directories of 1Mb or more:
libs 5.0Mb
Flavors: r-release-macos-x86_64, r-oldrel-macos-arm64, r-oldrel-macos-x86_64