CRAN Package Check Results for Package BranchGLM

Last updated on 2022-10-01 07:07:53 CEST.

Flavor Version Tinstall Tcheck Ttotal Status Flags
r-devel-linux-x86_64-debian-clang 1.3.1 140.57 51.87 192.44 OK
r-devel-linux-x86_64-debian-gcc 1.3.1 98.62 37.67 136.29 OK
r-devel-linux-x86_64-fedora-clang 1.3.1 283.11 OK
r-devel-linux-x86_64-fedora-gcc 1.3.1 255.90 OK
r-devel-windows-x86_64 1.3.1 133.00 108.00 241.00 OK
r-patched-linux-x86_64 1.3.1 114.19 47.92 162.11 OK
r-release-linux-x86_64 1.3.1 107.09 48.40 155.49 OK
r-release-macos-arm64 1.3.1 70.00 NOTE
r-release-macos-x86_64 1.3.1 101.00 NOTE
r-release-windows-x86_64 1.3.1 111.00 109.00 220.00 OK
r-oldrel-macos-arm64 1.3.1 68.00 NOTE
r-oldrel-macos-x86_64 1.3.1 112.00 NOTE
r-oldrel-windows-ix86+x86_64 1.3.1 316.00 117.00 433.00 OK

Check Details

Version: 1.3.1
Check: installed package size
Result: NOTE
     installed size is 6.8Mb
     sub-directories of 1Mb or more:
     libs 6.5Mb
Flavors: r-release-macos-arm64, r-release-macos-x86_64, r-oldrel-macos-arm64, r-oldrel-macos-x86_64