Last updated on 2023-01-31 07:54:05 CET.
Flavor | Version | Tinstall | Tcheck | Ttotal | Status | Flags |
---|---|---|---|---|---|---|
r-devel-linux-x86_64-debian-clang | 1.2.5 | 47.49 | 122.38 | 169.87 | OK | |
r-devel-linux-x86_64-debian-gcc | 1.2.5 | 42.28 | 86.03 | 128.31 | NOTE | |
r-devel-linux-x86_64-fedora-clang | 1.2.5 | 229.91 | NOTE | |||
r-devel-linux-x86_64-fedora-gcc | 1.2.5 | 216.62 | NOTE | |||
r-devel-windows-x86_64 | 1.2.5 | 118.00 | 253.00 | 371.00 | NOTE | |
r-patched-linux-x86_64 | 1.2.5 | 51.28 | 112.10 | 163.38 | OK | |
r-release-linux-x86_64 | 1.2.5 | 46.62 | 110.39 | 157.01 | OK | |
r-release-macos-arm64 | 1.2.5 | 88.00 | NOTE | |||
r-release-macos-x86_64 | 1.2.5 | 96.00 | NOTE | |||
r-release-windows-x86_64 | 1.2.5 | 108.00 | 243.00 | 351.00 | OK | |
r-oldrel-macos-arm64 | 1.2.5 | 99.00 | NOTE | |||
r-oldrel-macos-x86_64 | 1.2.5 | 100.00 | NOTE | |||
r-oldrel-windows-ix86+x86_64 | 1.2.5 | 119.00 | 311.00 | 430.00 | NOTE |
Version: 1.2.5
Check: C++ specification
Result: NOTE
Specified C++11: please update to current default of C++17
Flavors: r-devel-linux-x86_64-debian-gcc, r-devel-linux-x86_64-fedora-clang, r-devel-linux-x86_64-fedora-gcc, r-devel-windows-x86_64
Version: 1.2.5
Check: installed package size
Result: NOTE
installed size is 6.4Mb
sub-directories of 1Mb or more:
libs 5.8Mb
Flavors: r-devel-linux-x86_64-fedora-clang, r-release-macos-arm64, r-release-macos-x86_64, r-oldrel-macos-arm64, r-oldrel-macos-x86_64, r-oldrel-windows-ix86+x86_64