Last updated on 2023-01-30 09:54:06 CET.
Flavor | Version | Tinstall | Tcheck | Ttotal | Status | Flags |
---|---|---|---|---|---|---|
r-devel-linux-x86_64-debian-clang | 0.9.11 | 2261.51 | 47.31 | 2308.82 | NOTE | |
r-devel-linux-x86_64-debian-gcc | 0.9.11 | 1742.97 | 50.04 | 1793.01 | NOTE | |
r-devel-linux-x86_64-fedora-clang | 0.9.11 | 3259.83 | NOTE | |||
r-devel-linux-x86_64-fedora-gcc | 0.9.11 | 2726.71 | NOTE | |||
r-devel-windows-x86_64 | 0.9.11 | 2587.00 | 140.00 | 2727.00 | NOTE | |
r-patched-linux-x86_64 | 0.9.11 | 2068.98 | 58.09 | 2127.07 | NOTE | |
r-release-linux-x86_64 | 0.9.11 | 2094.13 | 57.56 | 2151.69 | NOTE | |
r-release-macos-arm64 | 0.9.11 | 180.00 | NOTE | |||
r-release-macos-x86_64 | 0.9.11 | 347.00 | NOTE | |||
r-release-windows-x86_64 | 0.9.11 | 2867.00 | 126.00 | 2993.00 | NOTE | |
r-oldrel-macos-arm64 | 0.9.11 | 175.00 | NOTE | |||
r-oldrel-macos-x86_64 | 0.9.11 | 341.00 | NOTE | |||
r-oldrel-windows-ix86+x86_64 | 0.9.11 | 4825.00 | 93.00 | 4918.00 | NOTE |
Version: 0.9.11
Check: for GNU extensions in Makefiles
Result: NOTE
GNU make is a SystemRequirements.
Flavors: r-devel-linux-x86_64-debian-clang, r-devel-linux-x86_64-debian-gcc, r-devel-linux-x86_64-fedora-clang, r-devel-linux-x86_64-fedora-gcc, r-devel-windows-x86_64, r-patched-linux-x86_64, r-release-linux-x86_64, r-release-macos-arm64, r-release-macos-x86_64, r-release-windows-x86_64, r-oldrel-macos-arm64, r-oldrel-macos-x86_64, r-oldrel-windows-ix86+x86_64
Version: 0.9.11
Check: installed package size
Result: NOTE
installed size is 48.7Mb
sub-directories of 1Mb or more:
include 10.5Mb
lib 37.8Mb
Flavors: r-devel-linux-x86_64-fedora-clang, r-devel-windows-x86_64, r-release-macos-arm64, r-release-macos-x86_64, r-release-windows-x86_64, r-oldrel-macos-arm64, r-oldrel-macos-x86_64, r-oldrel-windows-ix86+x86_64